CRAN Package Check Results for Package sketcher

Last updated on 2024-03-01 03:56:45 CET.

Flavor Version Tinstall Tcheck Ttotal Status Flags
r-devel-linux-x86_64-debian-clang 0.1.3 5.23 40.00 45.23 OK
r-devel-linux-x86_64-debian-gcc 0.1.3 4.53 30.15 34.68 OK
r-devel-linux-x86_64-fedora-clang 0.1.3 55.76 NOTE
r-devel-linux-x86_64-fedora-gcc 0.1.3 54.59 NOTE
r-devel-windows-x86_64 0.1.3 6.00 50.00 56.00 OK
r-patched-linux-x86_64 0.1.3 6.44 39.13 45.57 OK
r-release-linux-x86_64 0.1.3 3.86 38.78 42.64 OK
r-release-macos-arm64 0.1.3 25.00 OK
r-release-macos-x86_64 0.1.3 32.00 OK
r-release-windows-x86_64 0.1.3 7.00 56.00 63.00 OK
r-oldrel-macos-arm64 0.1.3 20.00 NOTE
r-oldrel-windows-x86_64 0.1.3 8.00 59.00 67.00 OK

Check Details

Version: 0.1.3
Check: dependencies in R code
Result: NOTE Namespaces in Imports field not imported from: ‘dplyr’ ‘methods’ All declared Imports should be used. Flavors: r-devel-linux-x86_64-fedora-clang, r-devel-linux-x86_64-fedora-gcc, r-oldrel-macos-arm64