CRAN Package Check Results for Package sjstats

Last updated on 2020-03-31 12:47:19 CEST.

Flavor Version Tinstall Tcheck Ttotal Status Flags
r-devel-linux-x86_64-debian-clang 0.17.9 16.89 183.95 200.84 NOTE
r-devel-linux-x86_64-debian-gcc 0.17.9 14.76 139.06 153.82 NOTE
r-devel-linux-x86_64-fedora-clang 0.17.9 233.94 NOTE
r-devel-linux-x86_64-fedora-gcc 0.17.9 228.59 NOTE
r-devel-windows-ix86+x86_64 0.17.9 37.00 178.00 215.00 OK
r-devel-windows-ix86+x86_64-gcc8 0.17.9 28.00 199.00 227.00 OK
r-patched-linux-x86_64 0.17.9 16.84 172.59 189.43 NOTE
r-patched-solaris-x86 0.17.9 348.40 NOTE
r-release-linux-x86_64 0.17.9 15.49 160.11 175.60 NOTE
r-release-windows-ix86+x86_64 0.17.9 44.00 246.00 290.00 OK
r-release-osx-x86_64 0.17.9 OK
r-oldrel-windows-ix86+x86_64 0.17.9 32.00 232.00 264.00 OK
r-oldrel-osx-x86_64 0.17.9 OK

Check Details

Version: 0.17.9
Check: package dependencies
Result: NOTE
    Package suggested but not available for checking: 'Zelig'
Flavors: r-devel-linux-x86_64-debian-clang, r-devel-linux-x86_64-debian-gcc, r-devel-linux-x86_64-fedora-clang, r-devel-linux-x86_64-fedora-gcc, r-patched-linux-x86_64, r-patched-solaris-x86, r-release-linux-x86_64