CRAN Package Check Results for Package sjPlot

Last updated on 2022-08-16 06:52:36 CEST.

Flavor Version Tinstall Tcheck Ttotal Status Flags
r-devel-linux-x86_64-debian-clang 2.8.11 28.02 448.64 476.66 OK
r-devel-linux-x86_64-debian-gcc 2.8.11 23.92 327.98 351.90 OK
r-devel-linux-x86_64-fedora-clang 2.8.11 594.90 OK
r-devel-linux-x86_64-fedora-gcc 2.8.11 615.18 OK
r-devel-windows-x86_64 2.8.11 47.00 498.00 545.00 OK
r-patched-linux-x86_64 2.8.11 28.58 428.45 457.03 OK
r-release-linux-x86_64 2.8.11 28.79 419.29 448.08 OK
r-release-macos-arm64 2.8.11 173.00 OK
r-release-macos-x86_64 2.8.11 227.00 OK
r-release-windows-x86_64 2.8.11 55.00 482.00 537.00 OK
r-oldrel-macos-arm64 2.8.11 192.00 OK
r-oldrel-macos-x86_64 2.8.11 254.00 OK
r-oldrel-windows-ix86+x86_64 2.8.11 55.00 591.00 646.00 WARN

Check Details

Version: 2.8.11
Check: re-building of vignette outputs
Result: WARN
    Error(s) in re-building vignettes:
    --- re-building 'blackwhitefigures.Rmd' using rmarkdown
    
    Attaching package: 'ggplot2'
    
    The following object is masked from 'package:sjlabelled':
    
     as_label
    
    Data were 'prettified'. Consider using `terms="barthel [all]"` to get smooth plots.
    --- finished re-building 'blackwhitefigures.Rmd'
    
    --- re-building 'custplot.Rmd' using rmarkdown
    Scale for 'colour' is already present. Adding another scale for 'colour',
    which will replace the existing scale.
    Warning in dev.off() : processing of the plot ran out of memory
    Warning in dev.off(dv) : processing of the plot ran out of memory
    Warning in dev.off() : processing of the plot ran out of memory
    Warning in system(command) :
     'CreateProcess' failed to run 'D:\compiler\pandoc\pandoc.exe +RTS -K512m -RTS custplot.knit.md --to html4 --from markdown+autolink_bare_uris+tex_math_single_backslash --output pandoc8950709c1f1d.html --self-contained --standalone --section-divs --template "D:\temp\RtmpauoYpz\RLIBS_19ad06dde6338\rmarkdown\rmd\h\default.html" --highlight-style pygments --css "D:/temp/RtmpauoYpz/RLIBS_19ad06dde6338/rmarkdown/rmarkdown/templates/html_vignette/resources/vignette.css" --mathjax --variable "mathjax-ur
    Error: processing vignette 'custplot.Rmd' failed with diagnostics:
    pandoc document conversion failed with error 127
    --- failed re-building 'custplot.Rmd'
    
    --- re-building 'plot_interactions.Rmd' using rmarkdown
    --- finished re-building 'plot_interactions.Rmd'
    
    --- re-building 'plot_likert_scales.Rmd' using rmarkdown
    
    Attaching package: 'dplyr'
    
    The following objects are masked from 'package:stats':
    
     filter, lag
    
    The following objects are masked from 'package:base':
    
     intersect, setdiff, setequal, union
    
    #refugeeswelcome
    --- finished re-building 'plot_likert_scales.Rmd'
    
    --- re-building 'plot_marginal_effects.Rmd' using rmarkdown
    Package `effects` is not available, but needed for `ggeffect()`. Either install package `effects`, or use `ggpredict()`. Calling `ggpredict()` now.FALSE
    --- finished re-building 'plot_marginal_effects.Rmd'
    
    --- re-building 'plot_model_estimates.Rmd' using rmarkdown
    
    Attaching package: 'ggplot2'
    
    The following object is masked from 'package:sjlabelled':
    
     as_label
    
    This is rstanarm version 2.21.3
    - See https://mc-stan.org/rstanarm/articles/priors for changes to default priors!
    - Default priors may change, so it's safest to specify priors, even if equivalent to the defaults.
    - For execution on a local, multicore CPU with excess RAM we recommend calling
     options(mc.cores = parallel::detectCores())
    --- finished re-building 'plot_model_estimates.Rmd'
    
    --- re-building 'sjtitemanalysis.Rmd' using rmarkdown
    Learn more about sjPlot with 'browseVignettes("sjPlot")'.
    
    Attaching package: 'dplyr'
    
    The following objects are masked from 'package:stats':
    
     filter, lag
    
    The following objects are masked from 'package:base':
    
     intersect, setdiff, setequal, union
    
    --- finished re-building 'sjtitemanalysis.Rmd'
    
    --- re-building 'tab_bayes.Rmd' using rmarkdown
    Learn more about sjPlot with 'browseVignettes("sjPlot")'.
    Loading required package: Rcpp
    Loading 'brms' package (version 2.17.0). Useful instructions
    can be found by typing help('brms'). A more detailed introduction
    to the package is available through vignette('brms_overview').
    
    Attaching package: 'brms'
    
    The following object is masked from 'package:stats':
    
     ar
    
    --- finished re-building 'tab_bayes.Rmd'
    
    --- re-building 'tab_mixed.Rmd' using rmarkdown
    Install package "strengejacke" from GitHub (`devtools::install_github("strengejacke/strengejacke")`) to load all sj-packages at once!
    Loading required package: Matrix
    --- finished re-building 'tab_mixed.Rmd'
    
    --- re-building 'tab_model_estimates.Rmd' using rmarkdown
    Classes and Methods for R developed in the
    Political Science Computational Laboratory
    Department of Political Science
    Stanford University
    Simon Jackman
    hurdle and zeroinfl functions by Achim Zeileis
    --- finished re-building 'tab_model_estimates.Rmd'
    
    --- re-building 'tab_model_robust.Rmd' using rmarkdown
    Learn more about sjPlot with 'browseVignettes("sjPlot")'.
    
    Attaching package: 'dplyr'
    
    The following objects are masked from 'package:stats':
    
     filter, lag
    
    The following objects are masked from 'package:base':
    
     intersect, setdiff, setequal, union
    
    Loading required package: Matrix
    --- finished re-building 'tab_model_robust.Rmd'
    
    --- re-building 'table_css.Rmd' using rmarkdown
    --- finished re-building 'table_css.Rmd'
    
    SUMMARY: processing the following file failed:
     'custplot.Rmd'
    
    Error: Vignette re-building failed.
    Execution halted
Flavor: r-oldrel-windows-ix86+x86_64