Last updated on 2024-04-18 03:52:10 CEST.
Flavor | Version | Tinstall | Tcheck | Ttotal | Status | Flags |
---|---|---|---|---|---|---|
r-devel-linux-x86_64-debian-clang | 0.2.10 | 6.16 | 128.92 | 135.08 | OK | |
r-devel-linux-x86_64-debian-gcc | 0.2.10 | 7.68 | 84.91 | 92.59 | ERROR | |
r-devel-linux-x86_64-fedora-clang | 0.2.10 | 173.14 | OK | |||
r-devel-linux-x86_64-fedora-gcc | 0.2.10 | 175.12 | OK | |||
r-prerel-macos-arm64 | 0.2.10 | 71.00 | OK | |||
r-prerel-windows-x86_64 | 0.2.10 | 9.00 | 107.00 | 116.00 | OK | |
r-patched-linux-x86_64 | 0.2.10 | 9.03 | 123.53 | 132.56 | OK | |
r-release-linux-x86_64 | 0.2.10 | 9.96 | 121.03 | 130.99 | OK | |
r-release-macos-arm64 | 0.2.10 | 86.00 | OK | |||
r-release-macos-x86_64 | 0.2.10 | 158.00 | OK | |||
r-release-windows-x86_64 | 0.2.10 | 10.00 | 134.00 | 144.00 | OK | |
r-oldrel-macos-arm64 | 0.2.10 | 68.00 | OK | |||
r-oldrel-windows-x86_64 | 0.2.10 | 12.00 | 141.00 | 153.00 | OK |
Version: 0.2.10
Check: re-building of vignette outputs
Result: ERROR
Error(s) in re-building vignettes:
...
--- re-building ‘vignette_simple_usage.Rmd’ using knitr
Quitting from lines at lines 7-14 [unnamed-chunk-1] (vignette_simple_usage.Rmd)
Error: processing vignette 'vignette_simple_usage.Rmd' failed with diagnostics:
cannot open the connection to 'https://seafile.utu.fi/f/13e0ef294b374549b499/?dl=1'
--- failed re-building ‘vignette_simple_usage.Rmd’
SUMMARY: processing the following file failed:
‘vignette_simple_usage.Rmd’
Error: Vignette re-building failed.
Execution halted
Flavor: r-devel-linux-x86_64-debian-gcc