CRAN Package Check Results for Package siteymlgen

Last updated on 2020-10-01 21:47:18 CEST.

Flavor Version Tinstall Tcheck Ttotal Status Flags
r-devel-linux-x86_64-debian-clang 1.0.0 2.42 26.32 28.74 OK
r-devel-linux-x86_64-debian-gcc 1.0.0 1.74 20.25 21.99 OK
r-devel-linux-x86_64-fedora-clang 1.0.0 44.91 NOTE
r-devel-linux-x86_64-fedora-gcc 1.0.0 36.06 NOTE
r-devel-windows-ix86+x86_64 1.0.0 5.00 32.00 37.00 OK
r-patched-linux-x86_64 1.0.0 2.10 24.90 27.00 OK
r-patched-solaris-x86 1.0.0 50.60 NOTE
r-release-linux-x86_64 1.0.0 2.14 25.53 27.67 OK
r-release-macos-x86_64 1.0.0 NOTE
r-release-windows-ix86+x86_64 1.0.0 9.00 41.00 50.00 OK
r-oldrel-macos-x86_64 1.0.0 NOTE
r-oldrel-windows-ix86+x86_64 1.0.0 4.00 43.00 47.00 OK

Check Details

Version: 1.0.0
Check: dependencies in R code
Result: NOTE
    Namespaces in Imports field not imported from:
     ‘data.table’ ‘dplyr’ ‘lubridate’ ‘rmarkdown’ ‘yaml’
     All declared Imports should be used.
Flavors: r-devel-linux-x86_64-fedora-clang, r-devel-linux-x86_64-fedora-gcc, r-patched-solaris-x86, r-release-macos-x86_64, r-oldrel-macos-x86_64