Last updated on 2023-10-04 13:01:26 CEST.
Flavor | Version | Tinstall | Tcheck | Ttotal | Status | Flags |
---|---|---|---|---|---|---|
r-devel-linux-x86_64-debian-clang | 0.2.0 | 7.55 | 62.81 | 70.36 | NOTE | |
r-devel-linux-x86_64-debian-gcc | 0.2.0 | 5.44 | 46.91 | 52.35 | NOTE | |
r-devel-linux-x86_64-fedora-clang | 0.2.0 | 88.46 | NOTE | |||
r-devel-linux-x86_64-fedora-gcc | 0.2.0 | 84.05 | NOTE | |||
r-devel-windows-x86_64 | 0.2.0 | 10.00 | 65.00 | 75.00 | NOTE | |
r-patched-linux-x86_64 | 0.2.0 | 8.24 | 60.33 | 68.57 | NOTE | |
r-release-linux-x86_64 | 0.2.0 | 5.96 | 60.16 | 66.12 | NOTE | |
r-release-macos-arm64 | 0.2.0 | 32.00 | NOTE | |||
r-release-macos-x86_64 | 0.2.0 | 49.00 | NOTE | |||
r-release-windows-x86_64 | 0.2.0 | 11.00 | 74.00 | 85.00 | NOTE | |
r-oldrel-macos-arm64 | 0.2.0 | 30.00 | NOTE | |||
r-oldrel-macos-x86_64 | 0.2.0 | 55.00 | NOTE | |||
r-oldrel-windows-x86_64 | 0.2.0 | 13.00 | 80.00 | 93.00 | NOTE |
Version: 0.2.0
Check: LazyData
Result: NOTE
'LazyData' is specified without a 'data' directory
Flavors: r-devel-linux-x86_64-debian-clang, r-devel-linux-x86_64-debian-gcc, r-devel-linux-x86_64-fedora-clang, r-devel-linux-x86_64-fedora-gcc, r-devel-windows-x86_64, r-patched-linux-x86_64, r-release-linux-x86_64, r-release-macos-arm64, r-release-macos-x86_64, r-release-windows-x86_64, r-oldrel-macos-arm64, r-oldrel-macos-x86_64, r-oldrel-windows-x86_64
Version: 0.2.0
Check: dependencies in R code
Result: NOTE
Namespace in Imports field not imported from: ‘stringi’
All declared Imports should be used.
Flavors: r-devel-linux-x86_64-fedora-clang, r-devel-linux-x86_64-fedora-gcc, r-oldrel-macos-arm64, r-oldrel-macos-x86_64