Last updated on 2024-04-24 02:53:13 CEST.
Flavor | Version | Tinstall | Tcheck | Ttotal | Status | Flags |
---|---|---|---|---|---|---|
r-devel-linux-x86_64-debian-clang | 0.3.3 | 106.68 | 127.95 | 234.63 | NOTE | |
r-devel-linux-x86_64-debian-gcc | 0.3.3 | 93.28 | 94.53 | 187.81 | NOTE | |
r-devel-linux-x86_64-fedora-clang | 0.3.3 | 355.98 | NOTE | |||
r-devel-linux-x86_64-fedora-gcc | 0.3.3 | 332.59 | NOTE | |||
r-prerel-macos-arm64 | 0.3.3 | 77.00 | NOTE | |||
r-prerel-windows-x86_64 | 0.3.3 | 97.00 | 130.00 | 227.00 | NOTE | |
r-patched-linux-x86_64 | 0.3.3 | 119.11 | 123.27 | 242.38 | NOTE | |
r-release-linux-x86_64 | 0.3.3 | 115.21 | 123.97 | 239.18 | NOTE | |
r-release-macos-arm64 | 0.3.3 | 99.00 | NOTE | |||
r-release-macos-x86_64 | 0.3.3 | 149.00 | NOTE | |||
r-release-windows-x86_64 | 0.3.3 | 118.00 | 157.00 | 275.00 | NOTE | |
r-oldrel-macos-arm64 | 0.3.3 | 82.00 | NOTE | |||
r-oldrel-windows-x86_64 | 0.3.3 | 109.00 | 151.00 | 260.00 | OK |
Version: 0.3.3
Check: C++ specification
Result: NOTE
Specified C++11: please drop specification unless essential
Flavors: r-devel-linux-x86_64-debian-clang, r-devel-linux-x86_64-debian-gcc, r-devel-linux-x86_64-fedora-clang, r-devel-linux-x86_64-fedora-gcc, r-prerel-macos-arm64, r-prerel-windows-x86_64, r-patched-linux-x86_64, r-release-linux-x86_64, r-release-macos-arm64, r-release-macos-x86_64, r-release-windows-x86_64
Version: 0.3.3
Check: installed package size
Result: NOTE
installed size is 7.3Mb
sub-directories of 1Mb or more:
libs 7.0Mb
Flavors: r-prerel-macos-arm64, r-release-macos-arm64, r-release-macos-x86_64, r-oldrel-macos-arm64