CRAN Package Check Results for Package singleCellHaystack

Last updated on 2024-06-14 02:54:18 CEST.

Flavor Version Tinstall Tcheck Ttotal Status Flags
r-devel-linux-x86_64-debian-clang 1.0.2 12.47 185.19 197.66 OK
r-devel-linux-x86_64-debian-gcc 1.0.2 0.43 1.83 2.26 ERROR
r-devel-linux-x86_64-fedora-clang 1.0.2 253.93 OK
r-devel-linux-x86_64-fedora-gcc 1.0.2 255.82 OK
r-devel-windows-x86_64 1.0.2 12.00 153.00 165.00 OK
r-patched-linux-x86_64 1.0.2 11.49 181.54 193.03 OK
r-release-linux-x86_64 1.0.2 10.83 180.91 191.74 OK
r-release-macos-arm64 1.0.2 80.00 OK
r-release-macos-x86_64 1.0.2 132.00 OK
r-release-windows-x86_64 1.0.2 11.00 154.00 165.00 OK
r-oldrel-macos-arm64 1.0.2 89.00 OK
r-oldrel-macos-x86_64 1.0.2 171.00 OK
r-oldrel-windows-x86_64 1.0.2 16.00 189.00 205.00 OK

Additional issues

noSuggests

Check Details

Version: 1.0.2
Check: package dependencies
Result: ERROR Packages required but not available: 'ggplot2', 'reshape2' Packages suggested but not available for checking: 'testthat', 'cowplot', 'patchwork' See section ‘The DESCRIPTION file’ in the ‘Writing R Extensions’ manual. Flavor: r-devel-linux-x86_64-debian-gcc