CRAN Package Check Results for Package singleCellHaystack

Last updated on 2022-10-06 21:50:06 CEST.

Flavor Version Tinstall Tcheck Ttotal Status Flags
r-devel-linux-x86_64-debian-clang 0.3.4 11.73 235.14 246.87 OK
r-devel-linux-x86_64-debian-gcc 0.3.4 9.71 179.02 188.73 OK
r-devel-linux-x86_64-fedora-clang 0.3.4 326.78 OK
r-devel-linux-x86_64-fedora-gcc 0.3.4 306.55 OK
r-devel-windows-x86_64 0.3.4 18.00 262.00 280.00 OK
r-patched-linux-x86_64 0.3.4 11.80 226.99 238.79 OK
r-release-linux-x86_64 0.3.4 12.20 229.81 242.01 OK
r-release-macos-arm64 0.3.4 91.00 NOTE
r-release-macos-x86_64 0.3.4 181.00 OK
r-release-windows-x86_64 0.3.4 106.00 262.00 368.00 OK
r-oldrel-macos-arm64 0.3.4 112.00 NOTE
r-oldrel-macos-x86_64 0.3.4 173.00 OK
r-oldrel-windows-ix86+x86_64 0.3.4 27.00 264.00 291.00 OK

Check Details

Version: 0.3.4
Check: package dependencies
Result: NOTE
    Packages suggested but not available for checking:
     'SummarizedExperiment', 'SingleCellExperiment'
Flavors: r-release-macos-arm64, r-oldrel-macos-arm64