Last updated on 2024-04-19 03:56:36 CEST.
Flavor | Version | Tinstall | Tcheck | Ttotal | Status | Flags |
---|---|---|---|---|---|---|
r-devel-linux-x86_64-debian-clang | 0.2.5 | 10.69 | 77.65 | 88.34 | NOTE | --no-vignettes |
r-devel-linux-x86_64-debian-gcc | 0.2.5 | 6.22 | 59.17 | 65.39 | NOTE | --no-vignettes |
r-devel-linux-x86_64-fedora-clang | 0.2.5 | 367.06 | NOTE | |||
r-devel-linux-x86_64-fedora-gcc | 0.2.5 | 405.90 | NOTE | |||
r-prerel-macos-arm64 | 0.2.5 | 193.00 | NOTE | |||
r-prerel-windows-x86_64 | 0.2.5 | 8.00 | 337.00 | 345.00 | NOTE | |
r-patched-linux-x86_64 | 0.2.5 | 8.25 | 73.54 | 81.79 | NOTE | --no-vignettes |
r-release-linux-x86_64 | 0.2.5 | 10.05 | 74.98 | 85.03 | OK | --no-vignettes |
r-release-macos-arm64 | 0.2.5 | 212.00 | OK | |||
r-release-macos-x86_64 | 0.2.5 | 352.00 | OK | |||
r-release-windows-x86_64 | 0.2.5 | 11.00 | 420.00 | 431.00 | OK | |
r-oldrel-macos-arm64 | 0.2.5 | 203.00 | OK | |||
r-oldrel-windows-x86_64 | 0.2.5 | 11.00 | 417.00 | 428.00 | OK |
Version: 0.2.5
Flags: --no-vignettes
Check: Rd files
Result: NOTE
checkRd: (-1) add_bold.Rd:15: Lost braces; missing escapes or markup?
15 | For example, in latex it would take "2" and output "{\\bf 2}"; in html
| ^
Flavors: r-devel-linux-x86_64-debian-clang, r-devel-linux-x86_64-debian-gcc, r-patched-linux-x86_64
Version: 0.2.5
Check: Rd files
Result: NOTE
checkRd: (-1) add_bold.Rd:15: Lost braces; missing escapes or markup?
15 | For example, in latex it would take "2" and output "{\\bf 2}"; in html
| ^
Flavors: r-devel-linux-x86_64-fedora-clang, r-devel-linux-x86_64-fedora-gcc, r-prerel-macos-arm64, r-prerel-windows-x86_64