Last updated on 2024-04-20 03:53:21 CEST.
Flavor | Version | Tinstall | Tcheck | Ttotal | Status | Flags |
---|---|---|---|---|---|---|
r-devel-linux-x86_64-debian-clang | 1.0.0 | 3.40 | 447.96 | 451.36 | NOTE | |
r-devel-linux-x86_64-debian-gcc | 1.0.0 | NOTE | ||||
r-devel-linux-x86_64-fedora-clang | 1.0.0 | 533.46 | NOTE | |||
r-devel-linux-x86_64-fedora-gcc | 1.0.0 | 504.52 | NOTE | |||
r-prerel-macos-arm64 | 1.0.0 | 117.00 | NOTE | |||
r-prerel-windows-x86_64 | 1.0.0 | 3.00 | 254.00 | 257.00 | NOTE | |
r-patched-linux-x86_64 | 1.0.0 | 3.40 | 412.07 | 415.47 | NOTE | |
r-release-linux-x86_64 | 1.0.0 | 3.08 | 382.79 | 385.87 | NOTE | |
r-release-macos-arm64 | 1.0.0 | 121.00 | NOTE | |||
r-release-macos-x86_64 | 1.0.0 | 231.00 | NOTE | |||
r-release-windows-x86_64 | 1.0.0 | 3.00 | 342.00 | 345.00 | NOTE | |
r-oldrel-macos-arm64 | 1.0.0 | 110.00 | OK | |||
r-oldrel-windows-x86_64 | 1.0.0 | 4.00 | 353.00 | 357.00 | OK |
Version: 1.0.0
Check: package subdirectories
Result: NOTE
Problems with news in ‘NEWS.md’:
Cannot extract version info from the following section titles:
Version (Date)
Flavors: r-devel-linux-x86_64-debian-clang, r-devel-linux-x86_64-debian-gcc, r-devel-linux-x86_64-fedora-clang, r-devel-linux-x86_64-fedora-gcc, r-prerel-macos-arm64, r-prerel-windows-x86_64, r-patched-linux-x86_64, r-release-linux-x86_64, r-release-macos-arm64, r-release-macos-x86_64, r-release-windows-x86_64