CRAN Package Check Results for Package simplextree

Last updated on 2025-05-11 12:50:34 CEST.

Flavor Version Tinstall Tcheck Ttotal Status Flags
r-devel-linux-x86_64-debian-clang 1.0.1 50.61 59.65 110.26 NOTE
r-devel-linux-x86_64-debian-gcc 1.0.1 41.60 41.63 83.23 NOTE
r-devel-linux-x86_64-fedora-clang 1.0.1 191.42 NOTE
r-devel-linux-x86_64-fedora-gcc 1.0.1 219.63 NOTE
r-devel-windows-x86_64 1.0.1 56.00 95.00 151.00 NOTE
r-patched-linux-x86_64 1.0.1 57.00 56.74 113.74 NOTE
r-release-linux-x86_64 1.0.1 58.62 56.73 115.35 NOTE
r-release-macos-arm64 1.0.1 50.00 NOTE
r-release-macos-x86_64 1.0.1 104.00 NOTE
r-release-windows-x86_64 1.0.1 59.00 100.00 159.00 NOTE
r-oldrel-macos-arm64 1.0.1 49.00 NOTE
r-oldrel-macos-x86_64 1.0.1 87.00 NOTE
r-oldrel-windows-x86_64 1.0.1 56.00 122.00 178.00 NOTE

Check Details

Version: 1.0.1
Check: C++ specification
Result: NOTE Specified C++11: please drop specification unless essential Flavors: r-devel-linux-x86_64-debian-clang, r-devel-linux-x86_64-debian-gcc, r-devel-linux-x86_64-fedora-clang, r-devel-linux-x86_64-fedora-gcc, r-devel-windows-x86_64, r-patched-linux-x86_64, r-release-linux-x86_64, r-release-macos-arm64, r-release-macos-x86_64, r-release-windows-x86_64, r-oldrel-macos-arm64, r-oldrel-macos-x86_64, r-oldrel-windows-x86_64

Version: 1.0.1
Check: installed package size
Result: NOTE installed size is 9.9Mb sub-directories of 1Mb or more: libs 9.2Mb Flavors: r-oldrel-macos-arm64, r-oldrel-macos-x86_64

Version: 1.0.1
Check: LazyData
Result: NOTE 'LazyData' is specified without a 'data' directory Flavors: r-oldrel-macos-arm64, r-oldrel-macos-x86_64, r-oldrel-windows-x86_64