Last updated on 2024-04-26 12:54:51 CEST.
Flavor | Version | Tinstall | Tcheck | Ttotal | Status | Flags |
---|---|---|---|---|---|---|
r-devel-linux-x86_64-debian-clang | 2021.03.10 | 4.31 | 45.14 | 49.45 | NOTE | |
r-devel-linux-x86_64-debian-gcc | 2021.03.10 | 4.09 | 33.77 | 37.86 | NOTE | |
r-devel-linux-x86_64-fedora-clang | 2021.03.10 | 64.28 | NOTE | |||
r-devel-linux-x86_64-fedora-gcc | 2021.03.10 | 58.97 | NOTE | |||
r-devel-windows-x86_64 | 2021.03.10 | 5.00 | 55.00 | 60.00 | NOTE | |
r-patched-linux-x86_64 | 2021.03.10 | 5.17 | 42.10 | 47.27 | NOTE | |
r-release-linux-x86_64 | 2021.03.10 | 4.53 | 42.57 | 47.10 | NOTE | |
r-release-macos-arm64 | 2021.03.10 | 23.00 | NOTE | |||
r-release-windows-x86_64 | 2021.03.10 | 5.00 | 53.00 | 58.00 | NOTE | |
r-oldrel-macos-arm64 | 2021.03.10 | 28.00 | NOTE | |||
r-oldrel-macos-x86_64 | 2021.03.10 | 33.00 | NOTE | |||
r-oldrel-windows-x86_64 | 2021.03.10 | 7.00 | 59.00 | 66.00 | NOTE |
Version: 2021.03.10
Check: LazyData
Result: NOTE
'LazyData' is specified without a 'data' directory
Flavors: r-devel-linux-x86_64-debian-clang, r-devel-linux-x86_64-debian-gcc, r-devel-linux-x86_64-fedora-clang, r-devel-linux-x86_64-fedora-gcc, r-devel-windows-x86_64, r-patched-linux-x86_64, r-release-linux-x86_64, r-release-macos-arm64, r-release-windows-x86_64, r-oldrel-macos-arm64, r-oldrel-macos-x86_64, r-oldrel-windows-x86_64
Version: 2021.03.10
Check: dependencies in R code
Result: NOTE
Namespace in Imports field not imported from: ‘DBI’
All declared Imports should be used.
Flavors: r-devel-linux-x86_64-fedora-clang, r-devel-linux-x86_64-fedora-gcc