CRAN Package Check Results for Package simplegraphdb

Last updated on 2022-01-26 06:50:29 CET.

Flavor Version Tinstall Tcheck Ttotal Status Flags
r-devel-linux-x86_64-debian-clang 2021.03.10 4.17 50.12 54.29 NOTE
r-devel-linux-x86_64-debian-gcc 2021.03.10 3.72 39.63 43.35 NOTE
r-devel-linux-x86_64-fedora-clang 2021.03.10 65.20 NOTE
r-devel-linux-x86_64-fedora-gcc 2021.03.10 56.14 NOTE
r-devel-windows-x86_64-new-UL 2021.03.10 66.00 73.00 139.00 NOTE
r-devel-windows-x86_64-new-TK 2021.03.10 NOTE
r-patched-linux-x86_64 2021.03.10 4.05 46.39 50.44 NOTE
r-release-linux-x86_64 2021.03.10 4.14 47.23 51.37 NOTE
r-release-macos-arm64 2021.03.10 NOTE
r-release-macos-x86_64 2021.03.10 NOTE
r-release-windows-ix86+x86_64 2021.03.10 11.00 61.00 72.00 NOTE
r-oldrel-macos-x86_64 2021.03.10 NOTE
r-oldrel-windows-ix86+x86_64 2021.03.10 11.00 65.00 76.00 OK

Check Details

Version: 2021.03.10
Check: LazyData
Result: NOTE
     'LazyData' is specified without a 'data' directory
Flavors: r-devel-linux-x86_64-debian-clang, r-devel-linux-x86_64-debian-gcc, r-devel-linux-x86_64-fedora-clang, r-devel-linux-x86_64-fedora-gcc, r-devel-windows-x86_64-new-UL, r-devel-windows-x86_64-new-TK, r-patched-linux-x86_64, r-release-linux-x86_64, r-release-macos-arm64, r-release-macos-x86_64, r-release-windows-ix86+x86_64

Version: 2021.03.10
Check: dependencies in R code
Result: NOTE
    Namespace in Imports field not imported from: ‘DBI’
     All declared Imports should be used.
Flavors: r-devel-linux-x86_64-fedora-clang, r-devel-linux-x86_64-fedora-gcc, r-devel-windows-x86_64-new-TK, r-release-macos-arm64, r-release-macos-x86_64, r-oldrel-macos-x86_64