Last updated on 2024-04-18 06:10:01 CEST.
Flavor | Version | Tinstall | Tcheck | Ttotal | Status | Flags |
---|---|---|---|---|---|---|
r-devel-linux-x86_64-debian-clang | 0.0.5 | 2.98 | 100.46 | 103.44 | OK | |
r-devel-linux-x86_64-debian-gcc | 0.0.5 | 2.50 | 75.37 | 77.87 | OK | |
r-devel-linux-x86_64-fedora-clang | 0.0.5 | 133.33 | NOTE | |||
r-devel-linux-x86_64-fedora-gcc | 0.0.5 | 132.70 | NOTE | |||
r-prerel-macos-arm64 | 0.0.5 | 52.00 | OK | |||
r-prerel-windows-x86_64 | 0.0.5 | 5.00 | 88.00 | 93.00 | OK | |
r-patched-linux-x86_64 | 0.0.5 | 3.03 | 93.76 | 96.79 | OK | |
r-release-linux-x86_64 | 0.0.5 | 2.97 | 97.05 | 100.02 | OK | |
r-release-macos-arm64 | 0.0.5 | 53.00 | OK | |||
r-release-macos-x86_64 | 0.0.5 | 84.00 | OK | |||
r-release-windows-x86_64 | 0.0.5 | 6.00 | 109.00 | 115.00 | OK | |
r-oldrel-macos-arm64 | 0.0.5 | 42.00 | NOTE | |||
r-oldrel-windows-x86_64 | 0.0.5 | 8.00 | 117.00 | 125.00 | OK |
Version: 0.0.5
Check: data for non-ASCII characters
Result: NOTE
Note: found 1 marked UTF-8 string
Flavors: r-devel-linux-x86_64-fedora-clang, r-devel-linux-x86_64-fedora-gcc, r-oldrel-macos-arm64