Last updated on 2024-03-28 12:50:48 CET.
Flavor | Version | Tinstall | Tcheck | Ttotal | Status | Flags |
---|---|---|---|---|---|---|
r-devel-linux-x86_64-debian-clang | 4.4.6.3 | 87.17 | 142.41 | 229.58 | OK | |
r-devel-linux-x86_64-debian-gcc | 4.4.6.3 | 87.05 | 105.17 | 192.22 | OK | |
r-devel-linux-x86_64-fedora-clang | 4.4.6.3 | 316.32 | OK | |||
r-devel-linux-x86_64-fedora-gcc | 4.4.6.3 | 345.60 | OK | |||
r-devel-windows-x86_64 | 4.4.6.3 | 79.00 | 178.00 | 257.00 | OK | |
r-patched-linux-x86_64 | 4.4.6.3 | 105.30 | 134.93 | 240.23 | OK | |
r-release-linux-x86_64 | 4.4.6.3 | 104.28 | 131.29 | 235.57 | OK | |
r-release-macos-arm64 | 4.4.6.3 | 114.00 | NOTE | |||
r-release-macos-x86_64 | 4.4.6.3 | 230.00 | NOTE | |||
r-release-windows-x86_64 | 4.4.6.3 | 73.00 | 210.00 | 283.00 | OK | |
r-oldrel-macos-arm64 | 4.4.6.3 | 112.00 | NOTE | |||
r-oldrel-windows-x86_64 | 4.4.6.3 | 93.00 | 201.00 | 294.00 | OK |
Version: 4.4.6.3
Check: installed package size
Result: NOTE
installed size is 14.8Mb
sub-directories of 1Mb or more:
doc 1.6Mb
libs 12.6Mb
Flavors: r-release-macos-arm64, r-release-macos-x86_64, r-oldrel-macos-arm64