Last updated on 2023-02-07 21:54:30 CET.
Flavor | Version | Tinstall | Tcheck | Ttotal | Status | Flags |
---|---|---|---|---|---|---|
r-devel-linux-x86_64-debian-clang | 2.1.2 | 90.41 | 183.93 | 274.34 | OK | |
r-devel-linux-x86_64-debian-gcc | 2.1.2 | 72.20 | 135.18 | 207.38 | OK | |
r-devel-linux-x86_64-fedora-clang | 2.1.2 | 376.18 | OK | |||
r-devel-linux-x86_64-fedora-gcc | 2.1.2 | 337.60 | OK | |||
r-devel-windows-x86_64 | 2.1.2 | 124.00 | 252.00 | 376.00 | OK | |
r-patched-linux-x86_64 | 2.1.2 | 75.32 | 167.28 | 242.60 | OK | |
r-release-linux-x86_64 | 2.1.2 | 67.61 | 169.13 | 236.74 | OK | |
r-release-macos-arm64 | 2.1.2 | 94.00 | NOTE | |||
r-release-macos-x86_64 | 2.1.2 | 118.00 | NOTE | |||
r-release-windows-x86_64 | 2.1.2 | 130.00 | 238.00 | 368.00 | OK | |
r-oldrel-macos-arm64 | 2.1.2 | 93.00 | NOTE | |||
r-oldrel-macos-x86_64 | 2.1.2 | 119.00 | NOTE | |||
r-oldrel-windows-ix86+x86_64 | 2.1.2 | 201.00 | 289.00 | 490.00 | NOTE |
Version: 2.1.2
Check: installed package size
Result: NOTE
installed size is 5.6Mb
sub-directories of 1Mb or more:
data 2.0Mb
libs 2.6Mb
Flavors: r-release-macos-arm64, r-release-macos-x86_64, r-oldrel-macos-arm64, r-oldrel-macos-x86_64, r-oldrel-windows-ix86+x86_64