CRAN Package Check Results for Package simExam

Last updated on 2024-06-16 21:52:23 CEST.

Flavor Version Tinstall Tcheck Ttotal Status Flags
r-devel-linux-x86_64-debian-clang 1.0.0 8.29 64.91 73.20 NOTE
r-devel-linux-x86_64-debian-gcc 1.0.0 6.68 48.98 55.66 NOTE
r-devel-linux-x86_64-fedora-clang 1.0.0 88.91 NOTE
r-devel-linux-x86_64-fedora-gcc 1.0.0 86.48 NOTE
r-devel-windows-x86_64 1.0.0 7.00 64.00 71.00 NOTE
r-patched-linux-x86_64 1.0.0 8.54 61.86 70.40 NOTE
r-release-linux-x86_64 1.0.0 7.69 62.32 70.01 NOTE
r-release-macos-arm64 1.0.0 29.00 NOTE
r-release-macos-x86_64 1.0.0 48.00 NOTE
r-release-windows-x86_64 1.0.0 7.00 66.00 73.00 NOTE
r-oldrel-macos-arm64 1.0.0 33.00 NOTE
r-oldrel-macos-x86_64 1.0.0 48.00 NOTE
r-oldrel-windows-x86_64 1.0.0 9.00 80.00 89.00 NOTE

Check Details

Version: 1.0.0
Check: LazyData
Result: NOTE 'LazyData' is specified without a 'data' directory Flavors: r-devel-linux-x86_64-debian-clang, r-devel-linux-x86_64-debian-gcc, r-devel-linux-x86_64-fedora-clang, r-devel-linux-x86_64-fedora-gcc, r-devel-windows-x86_64, r-patched-linux-x86_64, r-release-linux-x86_64, r-release-macos-arm64, r-release-macos-x86_64, r-release-windows-x86_64, r-oldrel-macos-arm64, r-oldrel-macos-x86_64, r-oldrel-windows-x86_64