Last updated on 2023-03-22 21:58:12 CET.
Flavor | Version | Tinstall | Tcheck | Ttotal | Status | Flags |
---|---|---|---|---|---|---|
r-devel-linux-x86_64-debian-clang | 3.1.1 | 2.08 | 57.11 | 59.19 | NOTE | |
r-devel-linux-x86_64-debian-gcc | 3.1.1 | 2.24 | 42.93 | 45.17 | NOTE | |
r-devel-linux-x86_64-fedora-clang | 3.1.1 | 76.25 | NOTE | |||
r-devel-linux-x86_64-fedora-gcc | 3.1.1 | 103.85 | NOTE | |||
r-patched-linux-x86_64 | 3.1.1 | 3.16 | 56.33 | 59.49 | OK | |
r-release-linux-x86_64 | 3.1.1 | 3.06 | 56.00 | 59.06 | OK | |
r-release-macos-arm64 | 3.1.1 | 32.00 | OK | |||
r-release-macos-x86_64 | 3.1.1 | 48.00 | OK | |||
r-release-windows-x86_64 | 3.1.1 | 11.00 | 119.00 | 130.00 | OK | |
r-oldrel-macos-arm64 | 3.1.1 | 181.00 | OK | |||
r-oldrel-macos-x86_64 | 3.1.1 | 48.00 | OK | |||
r-oldrel-windows-ix86+x86_64 | 3.1.1 | 7.00 | 87.00 | 94.00 | OK |
Version: 3.1.1
Check: package subdirectories
Result: NOTE
Problems with news in ‘NEWS.md’:
No news entries found.
Flavors: r-devel-linux-x86_64-debian-clang, r-devel-linux-x86_64-debian-gcc, r-devel-linux-x86_64-fedora-clang, r-devel-linux-x86_64-fedora-gcc