CRAN Package Check Results for Package sigora

Last updated on 2024-02-24 03:52:47 CET.

Flavor Version Tinstall Tcheck Ttotal Status Flags
r-devel-linux-x86_64-debian-clang 3.1.1 3.07 55.10 58.17 NOTE
r-devel-linux-x86_64-debian-gcc 3.1.1 2.34 41.39 43.73 NOTE
r-devel-linux-x86_64-fedora-clang 3.1.1 71.55 NOTE
r-devel-linux-x86_64-fedora-gcc 3.1.1 109.01 NOTE
r-devel-windows-x86_64 3.1.1 3.00 73.00 76.00 NOTE
r-patched-linux-x86_64 3.1.1 2.31 51.62 53.93 NOTE
r-release-linux-x86_64 3.1.1 2.50 51.09 53.59 NOTE
r-release-macos-arm64 3.1.1 42.00 NOTE
r-release-macos-x86_64 3.1.1 66.00 NOTE
r-release-windows-x86_64 3.1.1 4.00 74.00 78.00 NOTE
r-oldrel-macos-arm64 3.1.1 38.00 OK
r-oldrel-windows-x86_64 3.1.1 6.00 80.00 86.00 OK

Check Details

Version: 3.1.1
Check: package subdirectories
Result: NOTE Problems with news in ‘NEWS.md’: No news entries found. Flavors: r-devel-linux-x86_64-debian-clang, r-devel-linux-x86_64-debian-gcc, r-devel-linux-x86_64-fedora-clang, r-devel-linux-x86_64-fedora-gcc, r-devel-windows-x86_64, r-patched-linux-x86_64, r-release-linux-x86_64, r-release-macos-arm64, r-release-macos-x86_64, r-release-windows-x86_64