CRAN Package Check Results for Package signal

Last updated on 2023-12-08 06:51:15 CET.

Flavor Version Tinstall Tcheck Ttotal Status Flags
r-devel-linux-x86_64-debian-clang 1.8-0 6.76 47.92 54.68 OK
r-devel-linux-x86_64-debian-gcc 1.8-0 4.50 36.71 41.21 OK
r-devel-linux-x86_64-fedora-clang 1.8-0 72.18 NOTE
r-devel-linux-x86_64-fedora-gcc 1.8-0 68.59 NOTE
r-devel-windows-x86_64 1.8-0 9.00 68.00 77.00 OK
r-patched-linux-x86_64 1.8-0 8.76 46.07 54.83 OK
r-release-linux-x86_64 1.8-0 7.12 45.51 52.63 OK
r-release-macos-arm64 1.8-0 39.00 OK
r-release-macos-x86_64 1.8-0 74.00 OK
r-release-windows-x86_64 1.8-0 9.00 72.00 81.00 OK
r-oldrel-macos-arm64 1.8-0 42.00 OK
r-oldrel-macos-x86_64 0.7-7 36.00 OK
r-oldrel-windows-x86_64 1.8-0 11.00 78.00 89.00 OK

Check Details

Version: 1.8-0
Check: compiled code
Result: NOTE File ‘signal/libs/signal.so’: Found no calls to: ‘R_registerRoutines’, ‘R_useDynamicSymbols’ It is good practice to register native routines and to disable symbol search. See ‘Writing portable packages’ in the ‘Writing R Extensions’ manual. Flavors: r-devel-linux-x86_64-fedora-clang, r-devel-linux-x86_64-fedora-gcc