Last updated on 2024-04-23 21:54:58 CEST.
Flavor | Version | Tinstall | Tcheck | Ttotal | Status | Flags |
---|---|---|---|---|---|---|
r-devel-linux-x86_64-debian-clang | 0.1.23 | 2.30 | 2.30 | ERROR | ||
r-devel-linux-x86_64-debian-gcc | 0.1.23 | 1.76 | 1.76 | ERROR | ||
r-devel-linux-x86_64-fedora-clang | 0.1.23 | 96.99 | NOTE | |||
r-devel-linux-x86_64-fedora-gcc | 0.1.23 | 105.83 | NOTE | |||
r-prerel-macos-arm64 | 0.1.23 | 34.00 | OK | |||
r-prerel-macos-x86_64 | 0.1.23 | 64.00 | NOTE | |||
r-prerel-windows-x86_64 | 0.1.23 | 10.00 | 65.00 | 75.00 | OK | |
r-patched-linux-x86_64 | 0.1.23 | 4.68 | 59.54 | 64.22 | OK | |
r-release-linux-x86_64 | 0.1.23 | 5.56 | 62.34 | 67.90 | OK | |
r-release-macos-arm64 | 0.1.23 | 11.00 | ERROR | |||
r-release-macos-x86_64 | 0.1.23 | 7.00 | ERROR | |||
r-release-windows-x86_64 | 0.1.23 | 11.00 | 72.00 | 83.00 | OK | |
r-oldrel-macos-arm64 | 0.1.23 | 31.00 | OK | |||
r-oldrel-windows-x86_64 | 0.1.23 | 10.00 | 76.00 | 86.00 | OK |
Version: 0.1.23
Check: package dependencies
Result: ERROR
Package required but not available: ‘GSVA’
See section ‘The DESCRIPTION file’ in the ‘Writing R Extensions’
manual.
Flavors: r-devel-linux-x86_64-debian-clang, r-devel-linux-x86_64-debian-gcc, r-release-macos-arm64, r-release-macos-x86_64
Version: 0.1.23
Check: dependencies in R code
Result: NOTE
Namespaces in Imports field not imported from:
‘KernSmooth’ ‘MASS’ ‘class’ ‘cluster’ ‘lattice’ ‘nnet’
All declared Imports should be used.
Flavors: r-devel-linux-x86_64-fedora-clang, r-devel-linux-x86_64-fedora-gcc
Version: 0.1.23
Check: package dependencies
Result: NOTE
Package suggested but not available for checking: ‘RankProd’
Flavor: r-prerel-macos-x86_64