Last updated on 2024-03-29 12:54:18 CET.
Flavor | Version | Tinstall | Tcheck | Ttotal | Status | Flags |
---|---|---|---|---|---|---|
r-devel-linux-x86_64-debian-clang | 0.0-6 | 2.47 | 24.11 | 26.58 | NOTE | |
r-devel-linux-x86_64-debian-gcc | 0.0-6 | 1.96 | 19.26 | 21.22 | NOTE | |
r-devel-linux-x86_64-fedora-clang | 0.0-6 | 33.57 | NOTE | |||
r-devel-linux-x86_64-fedora-gcc | 0.0-6 | 32.82 | NOTE | |||
r-devel-windows-x86_64 | 0.0-6 | 4.00 | 41.00 | 45.00 | NOTE | |
r-patched-linux-x86_64 | 0.0-6 | 3.01 | 23.82 | 26.83 | NOTE | |
r-release-linux-x86_64 | 0.0-6 | 2.52 | 23.99 | 26.51 | OK | |
r-release-macos-arm64 | 0.0-6 | 16.00 | OK | |||
r-release-macos-x86_64 | 0.0-6 | 21.00 | OK | |||
r-release-windows-x86_64 | 0.0-6 | 3.00 | 43.00 | 46.00 | OK | |
r-oldrel-macos-arm64 | 0.0-6 | 17.00 | OK | |||
r-oldrel-windows-x86_64 | 0.0-6 | 8.00 | 50.00 | 58.00 | OK |
Version: 0.0-6
Check: Rd files
Result: NOTE
checkRd: (-1) sig.Rd:35: Lost braces in \itemize; \value handles \item{}{} directly
checkRd: (-1) sig.Rd:36: Lost braces in \itemize; \value handles \item{}{} directly
checkRd: (-1) sig_report.Rd:41: Lost braces in \itemize; \value handles \item{}{} directly
checkRd: (-1) sig_report.Rd:42: Lost braces in \itemize; \value handles \item{}{} directly
checkRd: (-1) sig_report.Rd:43: Lost braces in \itemize; \value handles \item{}{} directly
checkRd: (-1) sig_report.Rd:44: Lost braces in \itemize; \value handles \item{}{} directly
checkRd: (-1) sig_report.Rd:45-46: Lost braces in \itemize; \value handles \item{}{} directly
checkRd: (-1) sig_report.Rd:47: Lost braces in \itemize; \value handles \item{}{} directly
checkRd: (-1) sig_report.Rd:48: Lost braces in \itemize; \value handles \item{}{} directly
checkRd: (-1) sig_report.Rd:49-50: Lost braces in \itemize; \value handles \item{}{} directly
Flavors: r-devel-linux-x86_64-debian-clang, r-devel-linux-x86_64-debian-gcc, r-devel-linux-x86_64-fedora-clang, r-devel-linux-x86_64-fedora-gcc, r-devel-windows-x86_64, r-patched-linux-x86_64