CRAN Package Check Results for Package sig

Last updated on 2021-04-21 21:50:12 CEST.

Flavor Version Tinstall Tcheck Ttotal Status Flags
r-devel-linux-x86_64-debian-clang 0.0-5 2.29 23.36 25.65 NOTE
r-devel-linux-x86_64-debian-gcc 0.0-5 1.83 18.52 20.35 NOTE
r-devel-linux-x86_64-fedora-clang 0.0-5 41.08 NOTE
r-devel-linux-x86_64-fedora-gcc 0.0-5 31.13 NOTE
r-devel-windows-ix86+x86_64 0.0-5 5.00 37.00 42.00 NOTE
r-devel-windows-x86_64-gcc10-UCRT 0.0-5 NOTE
r-patched-linux-x86_64 0.0-5 2.34 23.15 25.49 OK
r-patched-solaris-x86 0.0-5 46.10 OK
r-release-linux-x86_64 0.0-5 2.29 23.05 25.34 OK
r-release-macos-x86_64 0.0-5 OK
r-release-windows-ix86+x86_64 0.0-5 5.00 29.00 34.00 OK
r-oldrel-macos-x86_64 0.0-5 OK
r-oldrel-windows-ix86+x86_64 0.0-5 4.00 45.00 49.00 OK

Check Details

Version: 0.0-5
Check: LazyData
Result: NOTE
     'LazyData' is specified without a 'data' directory
Flavors: r-devel-linux-x86_64-debian-clang, r-devel-linux-x86_64-debian-gcc, r-devel-linux-x86_64-fedora-clang, r-devel-linux-x86_64-fedora-gcc, r-devel-windows-ix86+x86_64, r-devel-windows-x86_64-gcc10-UCRT