CRAN Package Check Results for Package sidier

Last updated on 2020-02-28 05:50:40 CET.

Flavor Version Tinstall Tcheck Ttotal Status Flags
r-devel-linux-x86_64-debian-clang 4.0.3 13.47 98.36 111.83 NOTE
r-devel-linux-x86_64-debian-gcc 4.0.3 10.07 72.48 82.55 NOTE
r-devel-linux-x86_64-fedora-clang 4.0.3 136.87 NOTE
r-devel-linux-x86_64-fedora-gcc 4.0.3 125.85 NOTE
r-devel-windows-ix86+x86_64 4.0.3 22.00 110.00 132.00 OK
r-devel-windows-ix86+x86_64-gcc8 4.0.3 23.00 112.00 135.00 OK
r-patched-linux-x86_64 4.0.3 12.03 85.63 97.66 OK
r-patched-solaris-x86 4.0.3 165.30 OK
r-release-linux-x86_64 4.0.3 12.71 84.78 97.49 OK
r-release-windows-ix86+x86_64 4.0.3 19.00 107.00 126.00 OK
r-release-osx-x86_64 4.0.3 OK
r-oldrel-windows-ix86+x86_64 4.0.3 13.00 106.00 119.00 OK
r-oldrel-osx-x86_64 4.0.3 OK

Check Details

Version: 4.0.3
Check: for non-standard things in the check directory
Result: NOTE
    Found the following files/directories:
     '3_FindHaplo_Example2_modified.txt'
     '4_Example3_HapPerPop_Weighted.txt'
     '4_Example3_IndelDistanceMatrixMullerMod.txt'
     '4_FindHaplo_Example2_modified.txt' 'FindHaplo.txt'
     'Haplotypes_DefaultNames.txt' 'Haplotypes_sequentialNames.txt'
     'Interaction.txt' 'Modules_summary.txt'
     'NINA.ThresholdEstimation.txt' 'NINA_Network.pdf' 'Network.pdf'
     'PercThr Estimation.pdf' 'PercThresholdEstimation.txt'
     'PercolatedNetwork.pdf' 'PopulationDistances.r.txt' 'Weighted.txt'
     'ex1.fas' 'ex2.2.fas' 'ex2.fas' 'ex2_unique.fas' 'ex3.fas'
     'simulated_sequences_rep1.fas' 'simulated_sequences_rep2.fas'
     'simulated_sequences_tips_rep1.fas'
     'simulated_sequences_tips_rep2.fas'
Flavors: r-devel-linux-x86_64-debian-clang, r-devel-linux-x86_64-debian-gcc, r-devel-linux-x86_64-fedora-clang, r-devel-linux-x86_64-fedora-gcc