Last updated on 2024-04-18 06:10:01 CEST.
Flavor | Version | Tinstall | Tcheck | Ttotal | Status | Flags |
---|---|---|---|---|---|---|
r-devel-linux-x86_64-debian-clang | 0.2.4 | 4.11 | 114.21 | 118.32 | OK | |
r-devel-linux-x86_64-debian-gcc | 0.2.4 | 2.38 | 82.38 | 84.76 | OK | |
r-devel-linux-x86_64-fedora-clang | 0.2.4 | 147.32 | NOTE | |||
r-devel-linux-x86_64-fedora-gcc | 0.2.4 | 149.95 | NOTE | |||
r-prerel-macos-arm64 | 0.2.4 | 49.00 | OK | |||
r-prerel-windows-x86_64 | 0.2.4 | 5.00 | 97.00 | 102.00 | OK | |
r-patched-linux-x86_64 | 0.2.4 | 3.91 | 105.72 | 109.63 | OK | |
r-release-linux-x86_64 | 0.2.4 | 2.85 | 108.31 | 111.16 | OK | |
r-release-macos-arm64 | 0.2.4 | 51.00 | OK | |||
r-release-macos-x86_64 | 0.2.4 | 77.00 | OK | |||
r-release-windows-x86_64 | 0.2.4 | 6.00 | 114.00 | 120.00 | OK | |
r-oldrel-macos-arm64 | 0.2.4 | 35.00 | NOTE | |||
r-oldrel-windows-x86_64 | 0.2.4 | 6.00 | 118.00 | 124.00 | OK |
Version: 0.2.4
Check: dependencies in R code
Result: NOTE
Namespace in Imports field not imported from: ‘dplyr’
All declared Imports should be used.
Flavors: r-devel-linux-x86_64-fedora-clang, r-devel-linux-x86_64-fedora-gcc, r-oldrel-macos-arm64