CRAN Package Check Results for Package shrinkTVP

Last updated on 2022-01-22 12:56:30 CET.

Flavor Version Tinstall Tcheck Ttotal Status Flags
r-devel-linux-x86_64-debian-clang 2.0.4 198.75 60.20 258.95 WARN
r-devel-linux-x86_64-debian-gcc 2.0.4 142.72 45.52 188.24 WARN
r-devel-linux-x86_64-fedora-clang 2.0.4 404.26 WARN
r-devel-linux-x86_64-fedora-gcc 2.0.4 351.73 WARN
r-devel-windows-x86_64-new-UL 2.0.4 187.00 111.00 298.00 WARN
r-devel-windows-x86_64-new-TK 2.0.4 WARN
r-patched-linux-x86_64 2.0.4 175.22 57.18 232.40 WARN
r-release-linux-x86_64 2.0.4 174.71 72.89 247.60 OK
r-release-macos-arm64 2.0.4 NOTE
r-release-macos-x86_64 2.0.4 NOTE
r-release-windows-ix86+x86_64 2.0.4 503.00 123.00 626.00 OK
r-oldrel-macos-x86_64 2.0.4 NOTE
r-oldrel-windows-ix86+x86_64 2.0.4 504.00 124.00 628.00 OK

Check Details

Version: 2.0.4
Check: re-building of vignette outputs
Result: WARN
    Error(s) in re-building vignettes:
     ...
    --- re-building 'shrinkTVP.ltx' using tex
    Error: processing vignette 'shrinkTVP.ltx' failed with diagnostics:
    Running 'texi2dvi' on 'shrinkTVP.ltx' failed.
    LaTeX errors:
    ! LaTeX Error: Option clash for package xcolor.
    
    See the LaTeX manual or LaTeX Companion for explanation.
    Type H <return> for immediate help.
     ...
    ! Emergency stop.
     ...
    
    l.26 \newcommand
     {\comment}[1]{#1} % changes by Sylvia
    ! ==> Fatal error occurred, no output PDF file produced!
    --- failed re-building 'shrinkTVP.ltx'
    
    SUMMARY: processing the following file failed:
     'shrinkTVP.ltx'
    
    Error: Vignette re-building failed.
    Execution halted
Flavors: r-devel-linux-x86_64-debian-clang, r-devel-linux-x86_64-debian-gcc, r-patched-linux-x86_64

Version: 2.0.4
Check: installed package size
Result: NOTE
     installed size is 7.4Mb
     sub-directories of 1Mb or more:
     libs 6.5Mb
Flavors: r-devel-linux-x86_64-fedora-clang, r-release-macos-arm64, r-release-macos-x86_64, r-oldrel-macos-x86_64

Version: 2.0.4
Check: re-building of vignette outputs
Result: WARN
    Error(s) in re-building vignettes:
    --- re-building ‘shrinkTVP.ltx’ using tex
    Error: processing vignette 'shrinkTVP.ltx' failed with diagnostics:
    Running 'texi2dvi' on 'shrinkTVP.ltx' failed.
    LaTeX errors:
    ! LaTeX Error: Option clash for package xcolor.
    
    See the LaTeX manual or LaTeX Companion for explanation.
    Type H <return> for immediate help.
     ...
    --- failed re-building ‘shrinkTVP.ltx’
    
    SUMMARY: processing the following file failed:
     ‘shrinkTVP.ltx’
    
    Error: Vignette re-building failed.
    Execution halted
Flavors: r-devel-linux-x86_64-fedora-clang, r-devel-linux-x86_64-fedora-gcc

Version: 2.0.4
Check: re-building of vignette outputs
Result: WARN
    Error(s) in re-building vignettes:
    --- re-building 'shrinkTVP.ltx' using tex
    Warning in system(paste(shQuote(texi2dvi), if (quiet) "--quiet" else "", :
     running command '"C:\PROGRA~1\MiKTeX\miktex\bin\x64\texify.exe" --quiet --pdf "shrinkTVP.ltx" --max-iterations=20 -I "D:/RCompile/recent/R/share/texmf/tex/latex" -I "D:/RCompile/recent/R/share/texmf/bibtex/bst"' had status 1
    Error: processing vignette 'shrinkTVP.ltx' failed with diagnostics:
    running 'texi2dvi' on 'shrinkTVP.ltx' failed
    
    LaTeX errors:
    rinkTVP.ltx:26: LaTeX Error: Option clash for package xcolor.
    
    See the LaTeX manual or LaTeX Companion for explanation.
    Type H <return> for immediate help.
     ...
    
    --- failed re-building 'shrinkTVP.ltx'
    
    SUMMARY: processing the following file failed:
     'shrinkTVP.ltx'
    
    Error: Vignette re-building failed.
    Execution halted
Flavor: r-devel-windows-x86_64-new-UL

Version: 2.0.4
Check: re-building of vignette outputs
Result: WARN
    Error(s) in re-building vignettes:
    --- re-building 'shrinkTVP.ltx' using tex
    Warning in system(paste(shQuote(texi2dvi), if (quiet) "--quiet" else "", :
     running command '"C:\PROGRA~1\MiKTeX\miktex\bin\x64\texify.exe" --quiet --pdf "shrinkTVP.ltx" --max-iterations=20 -I "C:/r_packages/rinst/share/texmf/tex/latex" -I "C:/r_packages/rinst/share/texmf/bibtex/bst"' had status 1
    Error: processing vignette 'shrinkTVP.ltx' failed with diagnostics:
    running 'texi2dvi' on 'shrinkTVP.ltx' failed
    
    LaTeX errors:
    ettes/shrinkTVP.ltx:26: LaTeX Error: Option clash for package xcolor.
    
    See the LaTeX manual or LaTeX Companion for explanation.
    Type H <return> for immediate help.
     ...
    
    --- failed re-building 'shrinkTVP.ltx'
    
    SUMMARY: processing the following file failed:
     'shrinkTVP.ltx'
    
    Error: Vignette re-building failed.
    Execution halted
Flavor: r-devel-windows-x86_64-new-TK