CRAN Package Check Results for Package showimage

Last updated on 2022-12-09 21:53:58 CET.

Flavor Version Tinstall Tcheck Ttotal Status Flags
r-devel-linux-x86_64-debian-clang 1.0.0 2.00 23.92 25.92 NOTE
r-devel-linux-x86_64-debian-gcc 1.0.0 1.42 19.33 20.75 NOTE
r-devel-linux-x86_64-fedora-clang 1.0.0 45.68 NOTE
r-devel-linux-x86_64-fedora-gcc 1.0.0 42.12 NOTE
r-devel-windows-x86_64 1.0.0 12.00 53.00 65.00 NOTE
r-patched-linux-x86_64 1.0.0 1.60 23.83 25.43 NOTE
r-release-linux-x86_64 1.0.0 1.53 23.84 25.37 NOTE
r-release-macos-arm64 1.0.0 14.00 NOTE
r-release-macos-x86_64 1.0.0 21.00 NOTE
r-release-windows-x86_64 1.0.0 13.00 53.00 66.00 NOTE
r-oldrel-macos-arm64 1.0.0 24.00 NOTE
r-oldrel-macos-x86_64 1.0.0 28.00 NOTE
r-oldrel-windows-ix86+x86_64 1.0.0 5.00 48.00 53.00 NOTE

Check Details

Version: 1.0.0
Check: LazyData
Result: NOTE
     'LazyData' is specified without a 'data' directory
Flavors: r-devel-linux-x86_64-debian-clang, r-devel-linux-x86_64-debian-gcc, r-devel-linux-x86_64-fedora-clang, r-devel-linux-x86_64-fedora-gcc, r-devel-windows-x86_64, r-patched-linux-x86_64, r-release-linux-x86_64, r-release-macos-arm64, r-release-macos-x86_64, r-release-windows-x86_64, r-oldrel-macos-arm64, r-oldrel-macos-x86_64, r-oldrel-windows-ix86+x86_64