Last updated on 2025-02-01 12:48:39 CET.
Flavor | Version | Tinstall | Tcheck | Ttotal | Status | Flags |
---|---|---|---|---|---|---|
r-devel-linux-x86_64-debian-clang | 1.0.0 | 1.53 | 17.92 | 19.45 | OK | |
r-devel-linux-x86_64-debian-gcc | 1.0.0 | 1.24 | 14.73 | 15.97 | OK | |
r-devel-linux-x86_64-fedora-clang | 1.0.0 | 32.00 | OK | |||
r-devel-linux-x86_64-fedora-gcc | 1.0.0 | 29.99 | OK | |||
r-devel-windows-x86_64 | 1.0.0 | 2.00 | 49.00 | 51.00 | OK | |
r-patched-linux-x86_64 | 1.0.0 | 1.45 | 17.27 | 18.72 | NOTE | |
r-release-linux-x86_64 | 1.0.0 | 1.40 | 17.36 | 18.76 | NOTE | |
r-release-macos-arm64 | 1.0.0 | 15.00 | NOTE | |||
r-release-macos-x86_64 | 1.0.0 | 19.00 | NOTE | |||
r-release-windows-x86_64 | 1.0.0 | 2.00 | 44.00 | 46.00 | NOTE | |
r-oldrel-macos-arm64 | 1.0.0 | 18.00 | NOTE | |||
r-oldrel-macos-x86_64 | 1.0.0 | 20.00 | NOTE | |||
r-oldrel-windows-x86_64 | 1.0.0 | 2.00 | 40.00 | 42.00 | NOTE |
Version: 1.0.0
Check: LazyData
Result: NOTE
'LazyData' is specified without a 'data' directory
Flavors: r-patched-linux-x86_64, r-release-linux-x86_64, r-release-macos-arm64, r-release-macos-x86_64, r-release-windows-x86_64, r-oldrel-macos-arm64, r-oldrel-macos-x86_64, r-oldrel-windows-x86_64