Last updated on 2025-04-30 06:51:31 CEST.
Flavor | Version | Tinstall | Tcheck | Ttotal | Status | Flags |
---|---|---|---|---|---|---|
r-devel-linux-x86_64-debian-clang | 1.0.0 | 5.69 | 33.06 | 38.75 | NOTE | |
r-devel-linux-x86_64-debian-gcc | 1.0.0 | 3.86 | 24.58 | 28.44 | NOTE | |
r-devel-linux-x86_64-fedora-clang | 1.0.0 | 61.22 | OK | |||
r-devel-linux-x86_64-fedora-gcc | 1.0.0 | 55.98 | OK | |||
r-devel-windows-x86_64 | 1.0.0 | 6.00 | 69.00 | 75.00 | NOTE | |
r-patched-linux-x86_64 | 1.0.0 | 7.29 | 31.52 | 38.81 | NOTE | |
r-release-linux-x86_64 | 1.0.0 | 5.77 | 31.36 | 37.13 | NOTE | |
r-release-macos-arm64 | 1.0.0 | 22.00 | OK | |||
r-release-macos-x86_64 | 1.0.0 | 36.00 | OK | |||
r-release-windows-x86_64 | 1.0.0 | 7.00 | 75.00 | 82.00 | NOTE | |
r-oldrel-macos-arm64 | 1.0.0 | 21.00 | OK | |||
r-oldrel-macos-x86_64 | 1.0.0 | 31.00 | OK | |||
r-oldrel-windows-x86_64 | 1.0.0 | 6.00 | 66.00 | 72.00 | OK |
Version: 1.0.0
Check: CRAN incoming feasibility
Result: NOTE
Maintainer: ‘Charlie Friedemann <cfriedem@gmail.com>’
No Authors@R field in DESCRIPTION.
Please add one, modifying
Authors@R: person(given = "Charlie",
family = "Friedemann",
role = c("aut", "cre"),
email = "cfriedem@gmail.com")
as necessary.
Flavors: r-devel-linux-x86_64-debian-clang, r-devel-linux-x86_64-debian-gcc
Version: 1.0.0
Check: Rd cross-references
Result: NOTE
Found the following Rd file(s) with Rd \link{} targets missing package
anchors:
ShopifyShop.Rd: R6
Please provide package anchors for all Rd \link{} targets not in the
package itself and the base packages.
Flavors: r-devel-linux-x86_64-debian-clang, r-devel-linux-x86_64-debian-gcc, r-devel-windows-x86_64, r-patched-linux-x86_64, r-release-linux-x86_64, r-release-windows-x86_64