Last updated on 2025-02-01 12:48:39 CET.
Flavor | Version | Tinstall | Tcheck | Ttotal | Status | Flags |
---|---|---|---|---|---|---|
r-devel-linux-x86_64-debian-clang | 0.1.0 | 1.71 | 18.82 | 20.53 | NOTE | |
r-devel-linux-x86_64-debian-gcc | 0.1.0 | 1.41 | 14.93 | 16.34 | NOTE | |
r-devel-linux-x86_64-fedora-clang | 0.1.0 | 32.80 | NOTE | |||
r-devel-linux-x86_64-fedora-gcc | 0.1.0 | 30.87 | NOTE | |||
r-devel-windows-x86_64 | 0.1.0 | 3.00 | 51.00 | 54.00 | NOTE | |
r-patched-linux-x86_64 | 0.1.0 | 1.69 | 17.77 | 19.46 | NOTE | |
r-release-linux-x86_64 | 0.1.0 | 1.50 | 17.92 | 19.42 | NOTE | |
r-release-macos-arm64 | 0.1.0 | 16.00 | NOTE | |||
r-release-macos-x86_64 | 0.1.0 | 21.00 | NOTE | |||
r-release-windows-x86_64 | 0.1.0 | 3.00 | 41.00 | 44.00 | NOTE | |
r-oldrel-macos-arm64 | 0.1.0 | 17.00 | OK | |||
r-oldrel-macos-x86_64 | 0.1.0 | 20.00 | OK | |||
r-oldrel-windows-x86_64 | 0.1.0 | 4.00 | 40.00 | 44.00 | OK |
Version: 0.1.0
Check: Rd files
Result: NOTE
checkRd: (-1) run_shinytitle_example.Rd:18: Lost braces in \itemize; meant \describe ?
checkRd: (-1) run_shinytitle_example.Rd:19: Lost braces in \itemize; meant \describe ?
Flavors: r-devel-linux-x86_64-debian-clang, r-devel-linux-x86_64-debian-gcc, r-devel-linux-x86_64-fedora-clang, r-devel-linux-x86_64-fedora-gcc, r-devel-windows-x86_64, r-patched-linux-x86_64, r-release-linux-x86_64, r-release-macos-arm64, r-release-macos-x86_64, r-release-windows-x86_64