Last updated on 2024-03-28 12:50:47 CET.
Flavor | Version | Tinstall | Tcheck | Ttotal | Status | Flags |
---|---|---|---|---|---|---|
r-devel-linux-x86_64-debian-clang | 0.5.0 | 3.74 | 30.55 | 34.29 | NOTE | |
r-devel-linux-x86_64-debian-gcc | 0.5.0 | 2.47 | 23.76 | 26.23 | NOTE | |
r-devel-linux-x86_64-fedora-clang | 0.5.0 | 41.45 | NOTE | |||
r-devel-linux-x86_64-fedora-gcc | 0.5.0 | 41.12 | NOTE | |||
r-devel-windows-x86_64 | 0.5.0 | 4.00 | 46.00 | 50.00 | NOTE | |
r-patched-linux-x86_64 | 0.5.0 | 2.54 | 29.79 | 32.33 | NOTE | |
r-release-linux-x86_64 | 0.5.0 | 2.05 | 29.60 | 31.65 | NOTE | |
r-release-macos-arm64 | 0.5.0 | 18.00 | NOTE | |||
r-release-macos-x86_64 | 0.5.0 | 24.00 | NOTE | |||
r-release-windows-x86_64 | 0.5.0 | 5.00 | 46.00 | 51.00 | NOTE | |
r-oldrel-macos-arm64 | 0.5.0 | 18.00 | NOTE | |||
r-oldrel-windows-x86_64 | 0.5.0 | 5.00 | 50.00 | 55.00 | NOTE |
Version: 0.5.0
Check: package subdirectories
Result: NOTE
Problems with news in ‘NEWS.md’:
No news entries found.
Flavors: r-devel-linux-x86_64-debian-clang, r-devel-linux-x86_64-debian-gcc, r-devel-linux-x86_64-fedora-clang, r-devel-linux-x86_64-fedora-gcc, r-devel-windows-x86_64, r-patched-linux-x86_64, r-release-linux-x86_64, r-release-macos-arm64, r-release-macos-x86_64, r-release-windows-x86_64
Version: 0.5.0
Check: LazyData
Result: NOTE
'LazyData' is specified without a 'data' directory
Flavors: r-devel-linux-x86_64-debian-clang, r-devel-linux-x86_64-debian-gcc, r-devel-linux-x86_64-fedora-clang, r-devel-linux-x86_64-fedora-gcc, r-devel-windows-x86_64, r-patched-linux-x86_64, r-release-linux-x86_64, r-release-macos-arm64, r-release-macos-x86_64, r-release-windows-x86_64, r-oldrel-macos-arm64, r-oldrel-windows-x86_64
Version: 0.5.0
Check: dependencies in R code
Result: NOTE
Namespaces in Imports field not imported from:
‘shiny’ ‘shinyjs’
All declared Imports should be used.
Flavors: r-devel-linux-x86_64-fedora-clang, r-devel-linux-x86_64-fedora-gcc, r-oldrel-macos-arm64