CRAN Package Check Results for Package shinyloadtest

Last updated on 2020-05-26 03:48:32 CEST.

Flavor Version Tinstall Tcheck Ttotal Status Flags
r-devel-linux-x86_64-debian-clang 1.0.1 9.61 48.96 58.57 OK
r-devel-linux-x86_64-debian-gcc 1.0.1 7.12 36.98 44.10 OK
r-devel-linux-x86_64-fedora-clang 1.0.1 66.82 NOTE
r-devel-linux-x86_64-fedora-gcc 1.0.1 65.99 NOTE
r-devel-windows-ix86+x86_64 1.0.1 31.00 73.00 104.00 OK
r-patched-linux-x86_64 1.0.1 7.23 47.34 54.57 OK
r-patched-solaris-x86 1.0.1 97.10 NOTE
r-release-linux-x86_64 1.0.1 8.83 47.49 56.32 OK
r-release-osx-x86_64 1.0.1 NOTE
r-release-windows-ix86+x86_64 1.0.1 25.00 105.00 130.00 OK
r-oldrel-osx-x86_64 1.0.1 NOTE
r-oldrel-windows-ix86+x86_64 1.0.1 16.00 118.00 134.00 OK

Check Details

Version: 1.0.1
Check: package dependencies
Result: NOTE
    Imports includes 22 non-default packages.
    Importing from so many packages makes the package vulnerable to any of
    them becoming unavailable. Move as many as possible to Suggests and
    use conditionally.
Flavor: r-devel-linux-x86_64-fedora-clang

Version: 1.0.1
Check: dependencies in R code
Result: NOTE
    Namespaces in Imports field not imported from:
     ‘R6’ ‘getPass’ ‘svglite’ ‘websocket’
     All declared Imports should be used.
Flavors: r-devel-linux-x86_64-fedora-clang, r-devel-linux-x86_64-fedora-gcc, r-patched-solaris-x86, r-release-osx-x86_64, r-oldrel-osx-x86_64