CRAN Package Check Results for Package shinyjs

Last updated on 2020-08-07 06:48:57 CEST.

Flavor Version Tinstall Tcheck Ttotal Status Flags
r-devel-linux-x86_64-debian-clang 1.1 3.19 31.77 34.96 OK
r-devel-linux-x86_64-debian-gcc 1.1 2.14 24.56 26.70 OK
r-devel-linux-x86_64-fedora-gcc 1.1 41.54 NOTE
r-devel-windows-ix86+x86_64 1.1 11.00 54.00 65.00 OK
r-patched-linux-x86_64 1.1 3.15 31.53 34.68 OK
r-patched-solaris-x86 1.1 59.50 NOTE
r-release-linux-x86_64 1.1 3.11 31.27 34.38 OK
r-release-macos-x86_64 1.1 NOTE
r-release-windows-ix86+x86_64 1.1 9.00 77.00 86.00 OK
r-oldrel-macos-x86_64 1.1 NOTE
r-oldrel-windows-ix86+x86_64 1.1 5.00 53.00 58.00 OK

Check Details

Version: 1.1
Check: dependencies in R code
Result: NOTE
    Namespace in Imports field not imported from: ‘htmltools’
     All declared Imports should be used.
Flavors: r-devel-linux-x86_64-fedora-gcc, r-patched-solaris-x86, r-release-macos-x86_64, r-oldrel-macos-x86_64