CRAN Package Check Results for Package shinyfilter

Last updated on 2025-02-22 12:50:49 CET.

Flavor Version Tinstall Tcheck Ttotal Status Flags
r-devel-linux-x86_64-debian-clang 0.1.1 1.85 18.01 19.86 OK
r-devel-linux-x86_64-debian-gcc 0.1.1 1.51 14.35 15.86 OK
r-devel-linux-x86_64-fedora-clang 0.1.1 33.35 NOTE
r-devel-linux-x86_64-fedora-gcc 0.1.1 30.38 NOTE
r-devel-macos-arm64 0.1.1 15.00 OK
r-devel-macos-x86_64 0.1.1 23.00 OK
r-devel-windows-x86_64 0.1.1 4.00 51.00 55.00 OK
r-patched-linux-x86_64 0.1.1 1.84 17.21 19.05 OK
r-release-linux-x86_64 0.1.1 2.05 17.27 19.32 OK
r-release-macos-arm64 0.1.1 14.00 OK
r-release-macos-x86_64 0.1.1 22.00 OK
r-release-windows-x86_64 0.1.1 4.00 39.00 43.00 OK
r-oldrel-macos-arm64 0.1.1 16.00 OK
r-oldrel-macos-x86_64 0.1.1 20.00 OK
r-oldrel-windows-x86_64 0.1.1 4.00 40.00 44.00 OK

Check Details

Version: 0.1.1
Check: dependencies in R code
Result: NOTE Namespace in Imports field not imported from: ‘reactable’ All declared Imports should be used. Flavors: r-devel-linux-x86_64-fedora-clang, r-devel-linux-x86_64-fedora-gcc