Last updated on 2024-03-28 12:50:47 CET.
Flavor | Version | Tinstall | Tcheck | Ttotal | Status | Flags |
---|---|---|---|---|---|---|
r-devel-linux-x86_64-debian-clang | 1.1.0 | 6.01 | 35.08 | 41.09 | NOTE | |
r-devel-linux-x86_64-debian-gcc | 1.1.0 | 4.35 | 26.63 | 30.98 | NOTE | |
r-devel-linux-x86_64-fedora-clang | 1.1.0 | 49.98 | NOTE | |||
r-devel-linux-x86_64-fedora-gcc | 1.1.0 | 49.95 | NOTE | |||
r-devel-windows-x86_64 | 1.1.0 | 9.00 | 46.00 | 55.00 | NOTE | |
r-patched-linux-x86_64 | 1.1.0 | 5.24 | 33.49 | 38.73 | NOTE | |
r-release-linux-x86_64 | 1.1.0 | 4.89 | 33.96 | 38.85 | NOTE | |
r-release-macos-arm64 | 1.1.0 | 23.00 | NOTE | |||
r-release-macos-x86_64 | 1.1.0 | 31.00 | NOTE | |||
r-release-windows-x86_64 | 1.1.0 | 10.00 | 51.00 | 61.00 | NOTE | |
r-oldrel-macos-arm64 | 1.1.0 | 20.00 | NOTE | |||
r-oldrel-windows-x86_64 | 1.1.0 | 12.00 | 59.00 | 71.00 | NOTE |
Version: 1.1.0
Check: package dependencies
Result: NOTE
Package suggested but not available for checking: ‘uchardet’
Flavors: r-devel-linux-x86_64-debian-clang, r-devel-linux-x86_64-debian-gcc, r-devel-linux-x86_64-fedora-clang, r-devel-linux-x86_64-fedora-gcc, r-patched-linux-x86_64, r-release-linux-x86_64
Version: 1.1.0
Check: LazyData
Result: NOTE
'LazyData' is specified without a 'data' directory
Flavors: r-devel-linux-x86_64-debian-clang, r-devel-linux-x86_64-debian-gcc, r-devel-linux-x86_64-fedora-clang, r-devel-linux-x86_64-fedora-gcc, r-devel-windows-x86_64, r-patched-linux-x86_64, r-release-linux-x86_64, r-release-macos-arm64, r-release-macos-x86_64, r-release-windows-x86_64, r-oldrel-macos-arm64, r-oldrel-windows-x86_64
Version: 1.1.0
Check: installed package size
Result: NOTE
installed size is 21.6Mb
sub-directories of 1Mb or more:
shinyApp 21.4Mb
Flavors: r-devel-linux-x86_64-fedora-clang, r-devel-windows-x86_64, r-release-macos-arm64, r-release-macos-x86_64, r-release-windows-x86_64, r-oldrel-macos-arm64, r-oldrel-windows-x86_64