Last updated on 2023-03-28 21:54:10 CEST.
Flavor | Version | Tinstall | Tcheck | Ttotal | Status | Flags |
---|---|---|---|---|---|---|
r-devel-linux-x86_64-debian-clang | 1.0.1 | 16.81 | 110.45 | 127.26 | NOTE | |
r-devel-linux-x86_64-debian-gcc | 1.0.1 | 13.42 | 82.93 | 96.35 | NOTE | |
r-devel-linux-x86_64-fedora-clang | 1.0.1 | 156.17 | NOTE | |||
r-devel-linux-x86_64-fedora-gcc | 1.0.1 | 164.35 | NOTE | |||
r-patched-linux-x86_64 | 1.0.1 | 13.71 | 103.96 | 117.67 | NOTE | |
r-release-linux-x86_64 | 1.0.1 | 11.16 | 110.01 | 121.17 | NOTE | |
r-release-macos-arm64 | 1.0.1 | 43.00 | NOTE | |||
r-release-macos-x86_64 | 1.0.1 | 73.00 | NOTE | |||
r-release-windows-x86_64 | 1.0.1 | 25.00 | 133.00 | 158.00 | NOTE | |
r-oldrel-macos-arm64 | 1.0.1 | 53.00 | NOTE | |||
r-oldrel-macos-x86_64 | 1.0.1 | 80.00 | NOTE | |||
r-oldrel-windows-ix86+x86_64 | 1.0.1 | 39.00 | 133.00 | 172.00 | NOTE |
Version: 1.0.1
Check: LazyData
Result: NOTE
'LazyData' is specified without a 'data' directory
Flavors: r-devel-linux-x86_64-debian-clang, r-devel-linux-x86_64-debian-gcc, r-devel-linux-x86_64-fedora-clang, r-devel-linux-x86_64-fedora-gcc, r-patched-linux-x86_64, r-release-linux-x86_64, r-release-macos-arm64, r-release-macos-x86_64, r-release-windows-x86_64, r-oldrel-macos-arm64, r-oldrel-macos-x86_64, r-oldrel-windows-ix86+x86_64