Last updated on 2023-02-03 03:56:05 CET.
Flavor | Version | Tinstall | Tcheck | Ttotal | Status | Flags |
---|---|---|---|---|---|---|
r-devel-linux-x86_64-debian-clang | 0.1 | 11.83 | 94.28 | 106.11 | NOTE | |
r-devel-linux-x86_64-debian-gcc | 0.1 | 10.41 | 71.89 | 82.30 | NOTE | |
r-devel-linux-x86_64-fedora-clang | 0.1 | 131.74 | NOTE | |||
r-devel-linux-x86_64-fedora-gcc | 0.1 | 130.45 | NOTE | |||
r-patched-linux-x86_64 | 0.1 | 10.06 | 92.18 | 102.24 | NOTE | |
r-release-linux-x86_64 | 0.1 | 10.09 | 92.31 | 102.40 | NOTE | |
r-release-macos-arm64 | 0.1 | 37.00 | NOTE | |||
r-release-macos-x86_64 | 0.1 | 70.00 | NOTE | |||
r-release-windows-x86_64 | 0.1 | 19.00 | 129.00 | 148.00 | NOTE | |
r-oldrel-macos-arm64 | 0.1 | 59.00 | NOTE | |||
r-oldrel-macos-x86_64 | 0.1 | 91.00 | NOTE | |||
r-oldrel-windows-ix86+x86_64 | 0.1 | 27.00 | 118.00 | 145.00 | NOTE |
Version: 0.1
Check: LazyData
Result: NOTE
'LazyData' is specified without a 'data' directory
Flavors: r-devel-linux-x86_64-debian-clang, r-devel-linux-x86_64-debian-gcc, r-devel-linux-x86_64-fedora-clang, r-devel-linux-x86_64-fedora-gcc, r-patched-linux-x86_64, r-release-linux-x86_64, r-release-macos-arm64, r-release-macos-x86_64, r-release-windows-x86_64, r-oldrel-macos-arm64, r-oldrel-macos-x86_64, r-oldrel-windows-ix86+x86_64