Last updated on 2024-04-24 02:53:13 CEST.
Flavor | Version | Tinstall | Tcheck | Ttotal | Status | Flags |
---|---|---|---|---|---|---|
r-devel-linux-x86_64-debian-clang | 0.2.0 | 6.92 | 68.36 | 75.28 | NOTE | |
r-devel-linux-x86_64-debian-gcc | 0.2.0 | 7.04 | 50.40 | 57.44 | NOTE | |
r-devel-linux-x86_64-fedora-clang | 0.2.0 | 103.97 | NOTE | |||
r-devel-linux-x86_64-fedora-gcc | 0.2.0 | 94.28 | NOTE | |||
r-prerel-macos-arm64 | 0.2.0 | 30.00 | NOTE | |||
r-prerel-windows-x86_64 | 0.2.0 | 8.00 | 67.00 | 75.00 | NOTE | |
r-patched-linux-x86_64 | 0.2.0 | 7.46 | 57.20 | 64.66 | NOTE | |
r-release-linux-x86_64 | 0.2.0 | 5.41 | 62.78 | 68.19 | NOTE | |
r-release-macos-arm64 | 0.2.0 | 35.00 | NOTE | |||
r-release-macos-x86_64 | 0.2.0 | 47.00 | NOTE | |||
r-release-windows-x86_64 | 0.2.0 | 11.00 | 80.00 | 91.00 | NOTE | |
r-oldrel-macos-arm64 | 0.2.0 | 32.00 | NOTE | |||
r-oldrel-windows-x86_64 | 0.2.0 | 12.00 | 98.00 | 110.00 | NOTE |
Version: 0.2.0
Check: LazyData
Result: NOTE
'LazyData' is specified without a 'data' directory
Flavors: r-devel-linux-x86_64-debian-clang, r-devel-linux-x86_64-debian-gcc, r-devel-linux-x86_64-fedora-clang, r-devel-linux-x86_64-fedora-gcc, r-prerel-macos-arm64, r-prerel-windows-x86_64, r-patched-linux-x86_64, r-release-linux-x86_64, r-release-macos-arm64, r-release-macos-x86_64, r-release-windows-x86_64, r-oldrel-macos-arm64, r-oldrel-windows-x86_64