CRAN Package Check Results for Package shinyAce

Last updated on 2022-05-20 12:53:36 CEST.

Flavor Version Tinstall Tcheck Ttotal Status Flags
r-devel-linux-x86_64-debian-clang 0.4.2 5.13 56.11 61.24 OK
r-devel-linux-x86_64-debian-gcc 0.4.2 4.58 44.71 49.29 OK
r-devel-linux-x86_64-fedora-clang 0.4.2 74.38 NOTE
r-devel-linux-x86_64-fedora-gcc 0.4.2 82.34 OK
r-devel-windows-x86_64 0.4.2 178.00 79.00 257.00 NOTE
r-patched-linux-x86_64 0.4.2 6.32 55.18 61.50 OK
r-release-linux-x86_64 0.4.2 5.90 55.67 61.57 OK
r-release-macos-arm64 0.4.2 28.00 NOTE
r-release-macos-x86_64 0.4.2 40.00 NOTE
r-release-windows-x86_64 0.4.2 121.00 84.00 205.00 NOTE
r-oldrel-macos-arm64 0.4.2 29.00 NOTE
r-oldrel-macos-x86_64 0.4.2 42.00 NOTE
r-oldrel-windows-ix86+x86_64 0.4.2 15.00 71.00 86.00 NOTE

Check Details

Version: 0.4.2
Check: installed package size
Result: NOTE
     installed size is 8.1Mb
     sub-directories of 1Mb or more:
     www 7.7Mb
Flavors: r-devel-linux-x86_64-fedora-clang, r-devel-windows-x86_64, r-release-macos-arm64, r-release-macos-x86_64, r-release-windows-x86_64, r-oldrel-macos-arm64, r-oldrel-macos-x86_64, r-oldrel-windows-ix86+x86_64