Last updated on 2025-02-01 12:48:39 CET.
Flavor | Version | Tinstall | Tcheck | Ttotal | Status | Flags |
---|---|---|---|---|---|---|
r-devel-linux-x86_64-debian-clang | 0.2.1 | 4.60 | 37.11 | 41.71 | NOTE | |
r-devel-linux-x86_64-debian-gcc | 0.2.1 | 3.64 | 27.44 | 31.08 | NOTE | |
r-devel-linux-x86_64-fedora-clang | 0.2.1 | 67.40 | NOTE | |||
r-devel-linux-x86_64-fedora-gcc | 0.2.1 | 64.28 | NOTE | |||
r-devel-windows-x86_64 | 0.2.1 | 7.00 | 64.00 | 71.00 | NOTE | |
r-patched-linux-x86_64 | 0.2.1 | 4.61 | 34.51 | 39.12 | NOTE | |
r-release-linux-x86_64 | 0.2.1 | 4.95 | 34.48 | 39.43 | NOTE | |
r-release-macos-arm64 | 0.2.1 | 23.00 | NOTE | |||
r-release-macos-x86_64 | 0.2.1 | 32.00 | NOTE | |||
r-release-windows-x86_64 | 0.2.1 | 8.00 | 57.00 | 65.00 | NOTE | |
r-oldrel-macos-arm64 | 0.2.1 | 25.00 | NOTE | |||
r-oldrel-macos-x86_64 | 0.2.1 | 34.00 | NOTE | |||
r-oldrel-windows-x86_64 | 0.2.1 | 10.00 | 62.00 | 72.00 | NOTE |
Version: 0.2.1
Check: package subdirectories
Result: NOTE
Problems with news in ‘NEWS.md’:
No news entries found.
Flavors: r-devel-linux-x86_64-debian-clang, r-devel-linux-x86_64-debian-gcc, r-devel-linux-x86_64-fedora-clang, r-devel-linux-x86_64-fedora-gcc, r-devel-windows-x86_64, r-patched-linux-x86_64, r-release-linux-x86_64, r-release-macos-arm64, r-release-macos-x86_64, r-release-windows-x86_64, r-oldrel-macos-arm64, r-oldrel-macos-x86_64, r-oldrel-windows-x86_64