Last updated on 2023-03-27 12:54:35 CEST.
Flavor | Version | Tinstall | Tcheck | Ttotal | Status | Flags |
---|---|---|---|---|---|---|
r-devel-linux-x86_64-debian-clang | 0.2.1 | 5.76 | 46.22 | 51.98 | NOTE | |
r-devel-linux-x86_64-debian-gcc | 0.2.1 | 4.07 | 34.83 | 38.90 | NOTE | |
r-devel-linux-x86_64-fedora-clang | 0.2.1 | 64.49 | NOTE | |||
r-devel-linux-x86_64-fedora-gcc | 0.2.1 | 60.32 | NOTE | |||
r-patched-linux-x86_64 | 0.2.1 | 3.38 | 42.91 | 46.29 | NOTE | |
r-release-linux-x86_64 | 0.2.1 | 3.73 | 44.21 | 47.94 | OK | |
r-release-macos-arm64 | 0.2.1 | 24.00 | OK | |||
r-release-macos-x86_64 | 0.2.1 | 37.00 | OK | |||
r-release-windows-x86_64 | 0.2.1 | 21.00 | 85.00 | 106.00 | OK | |
r-oldrel-macos-arm64 | 0.2.1 | 25.00 | OK | |||
r-oldrel-macos-x86_64 | 0.2.1 | 29.00 | OK | |||
r-oldrel-windows-ix86+x86_64 | 0.2.1 | 15.00 | 72.00 | 87.00 | OK |
Version: 0.2.1
Check: package subdirectories
Result: NOTE
Problems with news in ‘NEWS.md’:
No news entries found.
Flavors: r-devel-linux-x86_64-debian-clang, r-devel-linux-x86_64-debian-gcc, r-devel-linux-x86_64-fedora-clang, r-devel-linux-x86_64-fedora-gcc, r-patched-linux-x86_64