Last updated on 2025-02-01 21:49:25 CET.
Flavor | Version | Tinstall | Tcheck | Ttotal | Status | Flags |
---|---|---|---|---|---|---|
r-devel-linux-x86_64-debian-clang | 0.1.0 | 3.26 | 36.16 | 39.42 | NOTE | |
r-devel-linux-x86_64-debian-gcc | 0.1.0 | 2.61 | 28.30 | 30.91 | NOTE | |
r-devel-linux-x86_64-fedora-clang | 0.1.0 | 121.72 | NOTE | |||
r-devel-linux-x86_64-fedora-gcc | 0.1.0 | 130.59 | NOTE | |||
r-devel-windows-x86_64 | 0.1.0 | 5.00 | 57.00 | 62.00 | NOTE | |
r-patched-linux-x86_64 | 0.1.0 | 3.57 | 35.07 | 38.64 | OK | |
r-release-linux-x86_64 | 0.1.0 | 3.49 | 35.16 | 38.65 | OK | |
r-release-macos-arm64 | 0.1.0 | 52.00 | OK | |||
r-release-macos-x86_64 | 0.1.0 | 102.00 | OK | |||
r-release-windows-x86_64 | 0.1.0 | 5.00 | 60.00 | 65.00 | OK | |
r-oldrel-macos-arm64 | 0.1.0 | 57.00 | OK | |||
r-oldrel-macos-x86_64 | 0.1.0 | 81.00 | OK | |||
r-oldrel-windows-x86_64 | 0.1.0 | 7.00 | 63.00 | 70.00 | OK |
Version: 0.1.0
Check: DESCRIPTION meta-information
Result: NOTE
Missing dependency on R >= 4.1.0 because package code uses the pipe
|> or function shorthand \(...) syntax added in R 4.1.0.
File(s) using such syntax:
‘destroyModule.R’ ‘makeModule.R’
Flavors: r-devel-linux-x86_64-debian-clang, r-devel-linux-x86_64-debian-gcc, r-devel-linux-x86_64-fedora-clang, r-devel-linux-x86_64-fedora-gcc, r-devel-windows-x86_64