CRAN Package Check Results for Package shiftR

Last updated on 2024-02-24 03:52:47 CET.

Flavor Version Tinstall Tcheck Ttotal Status Flags
r-devel-linux-x86_64-debian-clang 1.5 3.25 37.38 40.63 NOTE
r-devel-linux-x86_64-debian-gcc 1.5 2.52 28.87 31.39 NOTE
r-devel-linux-x86_64-fedora-clang 1.5 51.75 OK
r-devel-linux-x86_64-fedora-gcc 1.5 65.13 OK
r-devel-windows-x86_64 1.5 5.00 59.00 64.00 OK
r-patched-linux-x86_64 1.5 3.68 36.99 40.67 OK
r-release-linux-x86_64 1.5 3.20 37.08 40.28 OK
r-release-macos-arm64 1.5 34.00 OK
r-release-macos-x86_64 1.5 48.00 OK
r-release-windows-x86_64 1.5 6.00 65.00 71.00 OK
r-oldrel-macos-arm64 1.5 33.00 OK
r-oldrel-windows-x86_64 1.5 8.00 67.00 75.00 OK

Check Details

Version: 1.5
Check: Rd files
Result: NOTE checkRd: (-1) shiftrPrepare.Rd:37: Lost braces 37 | See code{\link{shiftrPermBinary}} function and the respective example. | ^ Flavors: r-devel-linux-x86_64-debian-clang, r-devel-linux-x86_64-debian-gcc