CRAN Package Check Results for Package shapr

Last updated on 2022-10-06 06:49:47 CEST.

Flavor Version Tinstall Tcheck Ttotal Status Flags
r-devel-linux-x86_64-debian-clang 0.2.0 87.16 155.73 242.89 NOTE
r-devel-linux-x86_64-debian-gcc 0.2.0 61.42 109.79 171.21 NOTE
r-devel-linux-x86_64-fedora-clang 0.2.0 310.84 NOTE
r-devel-linux-x86_64-fedora-gcc 0.2.0 272.26 NOTE
r-devel-windows-x86_64 0.2.0 83.00 173.00 256.00 NOTE
r-patched-linux-x86_64 0.2.0 70.43 132.74 203.17 NOTE
r-release-linux-x86_64 0.2.0 73.87 135.40 209.27 NOTE
r-release-macos-arm64 0.2.0 69.00 NOTE
r-release-macos-x86_64 0.2.0 95.00 NOTE
r-release-windows-x86_64 0.2.0 92.00 166.00 258.00 NOTE
r-oldrel-macos-arm64 0.2.0 92.00 NOTE
r-oldrel-macos-x86_64 0.2.0 137.00 NOTE
r-oldrel-windows-ix86+x86_64 0.2.0 207.00 216.00 423.00 NOTE

Check Details

Version: 0.2.0
Check: LazyData
Result: NOTE
     'LazyData' is specified without a 'data' directory
Flavors: r-devel-linux-x86_64-debian-clang, r-devel-linux-x86_64-debian-gcc, r-devel-linux-x86_64-fedora-clang, r-devel-linux-x86_64-fedora-gcc, r-devel-windows-x86_64, r-patched-linux-x86_64, r-release-linux-x86_64, r-release-macos-arm64, r-release-macos-x86_64, r-release-windows-x86_64, r-oldrel-macos-arm64, r-oldrel-macos-x86_64, r-oldrel-windows-ix86+x86_64