CRAN Package Check Results for Package shadow

Last updated on 2020-05-30 12:48:22 CEST.

Flavor Version Tinstall Tcheck Ttotal Status Flags
r-devel-linux-x86_64-debian-clang 0.6.4.1 9.12 140.76 149.88 OK
r-devel-linux-x86_64-debian-gcc 0.6.4.1 7.67 106.41 114.08 OK
r-devel-linux-x86_64-fedora-clang 0.6.4.1 173.99 NOTE
r-devel-linux-x86_64-fedora-gcc 0.6.4.1 200.07 NOTE
r-devel-windows-ix86+x86_64 0.6.4.1 25.00 224.00 249.00 OK
r-patched-linux-x86_64 0.6.4.1 11.49 139.13 150.62 OK
r-patched-solaris-x86 0.6.4.1 268.50 NOTE
r-release-linux-x86_64 0.6.4.1 10.09 139.06 149.15 OK
r-release-osx-x86_64 0.6.4.1 NOTE
r-release-windows-ix86+x86_64 0.6.4.1 19.00 285.00 304.00 OK
r-oldrel-osx-x86_64 0.6.4.1 NOTE
r-oldrel-windows-ix86+x86_64 0.6.4.1 25.00 144.00 169.00 OK

Check Details

Version: 0.6.4.1
Check: dependencies in R code
Result: NOTE
    Namespaces in Imports field not imported from:
     ‘parallel’ ‘plyr’
     All declared Imports should be used.
Flavors: r-devel-linux-x86_64-fedora-clang, r-devel-linux-x86_64-fedora-gcc, r-patched-solaris-x86, r-release-osx-x86_64, r-oldrel-osx-x86_64