CRAN Package Check Results for Package sgt

Last updated on 2024-05-29 11:52:49 CEST.

Flavor Version Tinstall Tcheck Ttotal Status Flags
r-devel-linux-x86_64-debian-clang 2.0 3.73 48.78 52.51 NOTE
r-devel-linux-x86_64-debian-gcc 2.0 2.79 36.56 39.35 NOTE
r-devel-linux-x86_64-fedora-clang 2.0 64.59 NOTE
r-devel-linux-x86_64-fedora-gcc 2.0 73.64 NOTE
r-devel-windows-x86_64 2.0 4.00 77.00 81.00 NOTE
r-patched-linux-x86_64 2.0 2.31 45.84 48.15 NOTE
r-release-linux-x86_64 2.0 2.24 46.81 49.05 NOTE
r-release-macos-arm64 2.0 34.00 NOTE
r-release-windows-x86_64 2.0 4.00 76.00 80.00 NOTE
r-oldrel-macos-arm64 2.0 36.00 OK
r-oldrel-macos-x86_64 2.0 71.00 OK
r-oldrel-windows-x86_64 2.0 5.00 75.00 80.00 OK

Check Details

Version: 2.0
Check: Rd files
Result: NOTE checkRd: (-1) sgt.Rd:55: Lost braces 55 | \code{sigma <= 0}, \code{lambda <= -1}, \code{lambda >= 1}, \code{p <= 0}, and \code{q <= 0} are errors and return \code{NaN}. Also, if \code{mean.cent} is \code{TRUE} but code{p*q <= 1}, the result is an error and \code{NaNs} are produced. Similarly, if \code{var.adj} is \code{TRUE} but code{p*q <= 2}, the result is an error and \code{NaNs} are produced. | ^ checkRd: (-1) sgt.Rd:55: Lost braces 55 | \code{sigma <= 0}, \code{lambda <= -1}, \code{lambda >= 1}, \code{p <= 0}, and \code{q <= 0} are errors and return \code{NaN}. Also, if \code{mean.cent} is \code{TRUE} but code{p*q <= 1}, the result is an error and \code{NaNs} are produced. Similarly, if \code{var.adj} is \code{TRUE} but code{p*q <= 2}, the result is an error and \code{NaNs} are produced. | ^ Flavors: r-devel-linux-x86_64-debian-clang, r-devel-linux-x86_64-debian-gcc, r-devel-linux-x86_64-fedora-clang, r-devel-linux-x86_64-fedora-gcc, r-devel-windows-x86_64, r-patched-linux-x86_64, r-release-linux-x86_64, r-release-macos-arm64, r-release-windows-x86_64