CRAN Package Check Results for Package sgmcmc

Last updated on 2022-01-22 12:56:29 CET.

Flavor Version Tinstall Tcheck Ttotal Status Flags
r-devel-linux-x86_64-debian-clang 0.2.5 10.18 127.64 137.82 NOTE
r-devel-linux-x86_64-debian-gcc 0.2.5 8.42 100.93 109.35 NOTE
r-devel-linux-x86_64-fedora-clang 0.2.5 254.75 NOTE
r-devel-linux-x86_64-fedora-gcc 0.2.5 240.51 NOTE
r-devel-windows-x86_64-new-UL 0.2.5 43.00 199.00 242.00 NOTE
r-devel-windows-x86_64-new-TK 0.2.5 NOTE
r-patched-linux-x86_64 0.2.5 11.16 137.22 148.38 NOTE
r-release-linux-x86_64 0.2.5 9.23 137.40 146.63 NOTE
r-release-macos-arm64 0.2.5 NOTE
r-release-macos-x86_64 0.2.5 NOTE
r-release-windows-ix86+x86_64 0.2.5 35.00 216.00 251.00 NOTE
r-oldrel-macos-x86_64 0.2.5 OK
r-oldrel-windows-ix86+x86_64 0.2.5 34.00 214.00 248.00 OK

Check Details

Version: 0.2.5
Check: LazyData
Result: NOTE
     'LazyData' is specified without a 'data' directory
Flavors: r-devel-linux-x86_64-debian-clang, r-devel-linux-x86_64-debian-gcc, r-devel-linux-x86_64-fedora-clang, r-devel-linux-x86_64-fedora-gcc, r-devel-windows-x86_64-new-UL, r-devel-windows-x86_64-new-TK, r-patched-linux-x86_64, r-release-linux-x86_64, r-release-macos-arm64, r-release-macos-x86_64, r-release-windows-ix86+x86_64