CRAN Package Check Results for Package sfsmisc

Last updated on 2021-07-31 21:53:19 CEST.

Flavor Version Tinstall Tcheck Ttotal Status Flags
r-devel-linux-x86_64-debian-clang 1.1-11 8.23 72.55 80.78 OK
r-devel-linux-x86_64-debian-gcc 1.1-11 6.33 53.34 59.67 OK
r-devel-linux-x86_64-fedora-clang 1.1-11 103.49 OK
r-devel-linux-x86_64-fedora-gcc 1.1-11 101.76 OK
r-devel-windows-x86_64 1.1-11 10.00 104.00 114.00 OK
r-devel-windows-x86_64-gcc10-UCRT 1.1-11 OK
r-patched-linux-x86_64 1.1-11 OK
r-patched-solaris-x86 1.1-11 118.00 NOTE
r-release-linux-x86_64 1.1-11 8.33 67.62 75.95 OK
r-release-macos-arm64 1.1-11 OK
r-release-macos-x86_64 1.1-11 OK
r-release-windows-ix86+x86_64 1.1-11 14.00 78.00 92.00 OK
r-oldrel-macos-x86_64 1.1-11 OK
r-oldrel-windows-ix86+x86_64 1.1-11 11.00 101.00 112.00 OK

Check Details

Version: 1.1-11
Check: dependencies in R code
Result: NOTE
    X connection to :5.0 broken (explicit kill or server shutdown).
Flavor: r-patched-solaris-x86