Last updated on 2023-11-28 12:52:02 CET.
Flavor | Version | Tinstall | Tcheck | Ttotal | Status | Flags |
---|---|---|---|---|---|---|
r-devel-linux-x86_64-debian-clang | 0.1.2 | 4.42 | 38.20 | 42.62 | OK | |
r-devel-linux-x86_64-debian-gcc | 0.1.2 | 3.98 | 29.89 | 33.87 | OK | |
r-devel-linux-x86_64-fedora-clang | 0.1.2 | 54.02 | NOTE | |||
r-devel-linux-x86_64-fedora-gcc | 0.1.2 | 63.08 | OK | |||
r-devel-windows-x86_64 | 0.1.2 | 5.00 | 55.00 | 60.00 | NOTE | |
r-patched-linux-x86_64 | 0.1.2 | 4.12 | 36.75 | 40.87 | OK | |
r-release-linux-x86_64 | 0.1.2 | 4.16 | 36.86 | 41.02 | OK | |
r-release-macos-arm64 | 0.1.2 | 31.00 | NOTE | |||
r-release-macos-x86_64 | 0.1.2 | 47.00 | NOTE | |||
r-release-windows-x86_64 | 0.1.2 | 7.00 | 61.00 | 68.00 | NOTE | |
r-oldrel-macos-arm64 | 0.1.2 | 26.00 | NOTE | |||
r-oldrel-macos-x86_64 | 0.1.2 | 33.00 | NOTE | |||
r-oldrel-windows-x86_64 | 0.1.2 | 8.00 | 65.00 | 73.00 | NOTE |
Version: 0.1.2
Check: installed package size
Result: NOTE
installed size is 5.9Mb
sub-directories of 1Mb or more:
doc 5.1Mb
Flavors: r-devel-linux-x86_64-fedora-clang, r-devel-windows-x86_64, r-release-macos-arm64, r-release-macos-x86_64, r-release-windows-x86_64, r-oldrel-macos-arm64, r-oldrel-macos-x86_64, r-oldrel-windows-x86_64