Last updated on 2022-05-20 12:53:36 CEST.
Flavor | Version | Tinstall | Tcheck | Ttotal | Status | Flags |
---|---|---|---|---|---|---|
r-devel-linux-x86_64-debian-clang | 1.0-7 | 216.25 | 402.69 | 618.94 | OK | |
r-devel-linux-x86_64-debian-gcc | 1.0-7 | 169.73 | 294.97 | 464.70 | OK | |
r-devel-linux-x86_64-fedora-clang | 1.0-7 | 771.32 | NOTE | |||
r-devel-linux-x86_64-fedora-gcc | 1.0-7 | 746.80 | OK | |||
r-devel-windows-x86_64 | 1.0-7 | 311.00 | 912.00 | 1223.00 | NOTE | |
r-patched-linux-x86_64 | 1.0-7 | 189.46 | 384.46 | 573.92 | OK | |
r-release-linux-x86_64 | 1.0-7 | 181.31 | 376.28 | 557.59 | OK | |
r-release-macos-arm64 | 1.0-7 | 222.00 | NOTE | |||
r-release-macos-x86_64 | 1.0-7 | 31.00 | ERROR | |||
r-release-windows-x86_64 | 1.0-7 | 298.00 | 929.00 | 1227.00 | NOTE | |
r-oldrel-macos-arm64 | 1.0-7 | 198.00 | NOTE | |||
r-oldrel-macos-x86_64 | 1.0-7 | 306.00 | NOTE | |||
r-oldrel-windows-ix86+x86_64 | 1.0-7 | 567.00 | 1116.00 | 1683.00 | NOTE |
Version: 1.0-7
Check: installed package size
Result: NOTE
installed size is 13.0Mb
sub-directories of 1Mb or more:
doc 1.7Mb
libs 6.7Mb
sqlite 1.5Mb
Flavors: r-devel-linux-x86_64-fedora-clang, r-devel-windows-x86_64, r-release-macos-arm64, r-release-windows-x86_64, r-oldrel-macos-arm64, r-oldrel-macos-x86_64, r-oldrel-windows-ix86+x86_64
Version: 1.0-7
Check: whether package can be installed
Result: ERROR
Installation failed.
Flavor: r-release-macos-x86_64