Last updated on 2023-10-04 20:42:40 CEST.
Flavor | Version | Tinstall | Tcheck | Ttotal | Status | Flags |
---|---|---|---|---|---|---|
r-devel-linux-x86_64-debian-clang | 0.5-0 | 81.45 | 563.49 | 644.94 | OK | |
r-devel-linux-x86_64-debian-gcc | 0.5-0 | 69.24 | 448.78 | 518.02 | OK | |
r-devel-linux-x86_64-fedora-clang | 0.5-0 | 771.78 | OK | |||
r-devel-linux-x86_64-fedora-gcc | 0.5-0 | 836.34 | OK | |||
r-devel-windows-x86_64 | 0.5-0 | 60.00 | 384.00 | 444.00 | OK | |
r-patched-linux-x86_64 | 0.5-0 | 80.50 | 570.51 | 651.01 | OK | |
r-release-linux-x86_64 | 0.5-0 | 84.83 | 572.83 | 657.66 | OK | |
r-release-macos-arm64 | 0.5-0 | 287.00 | NOTE | |||
r-release-macos-x86_64 | 0.5-0 | 450.00 | NOTE | |||
r-release-windows-x86_64 | 0.5-0 | 73.00 | 451.00 | 524.00 | OK | |
r-oldrel-macos-arm64 | 0.5-0 | 245.00 | NOTE | |||
r-oldrel-macos-x86_64 | 0.5-0 | 292.00 | NOTE | |||
r-oldrel-windows-x86_64 | 0.5-0 | 69.00 | 450.00 | 519.00 | OK |
Version: 0.5-0
Check: installed package size
Result: NOTE
installed size is 17.2Mb
sub-directories of 1Mb or more:
libs 15.9Mb
Flavors: r-release-macos-arm64, r-release-macos-x86_64, r-oldrel-macos-arm64, r-oldrel-macos-x86_64