Last updated on 2024-04-19 06:03:36 CEST.
Flavor | Version | Tinstall | Tcheck | Ttotal | Status | Flags |
---|---|---|---|---|---|---|
r-devel-linux-x86_64-debian-clang | 0.5-0 | 90.13 | 460.28 | 550.41 | OK | |
r-devel-linux-x86_64-debian-gcc | 0.5-0 | OK | ||||
r-devel-linux-x86_64-fedora-clang | 0.5-0 | 670.32 | OK | |||
r-devel-linux-x86_64-fedora-gcc | 0.5-0 | 751.57 | OK | |||
r-prerel-macos-arm64 | 0.5-0 | 209.00 | NOTE | |||
r-prerel-windows-x86_64 | 0.5-0 | 67.00 | 344.00 | 411.00 | OK | |
r-patched-linux-x86_64 | 0.5-0 | 98.30 | 454.41 | 552.71 | OK | |
r-release-linux-x86_64 | 0.5-0 | 90.88 | 467.92 | 558.80 | OK | |
r-release-macos-arm64 | 0.5-0 | 287.00 | NOTE | |||
r-release-macos-x86_64 | 0.5-0 | 450.00 | NOTE | |||
r-release-windows-x86_64 | 0.5-0 | 79.00 | 449.00 | 528.00 | OK | |
r-oldrel-macos-arm64 | 0.5-0 | 245.00 | NOTE | |||
r-oldrel-windows-x86_64 | 0.5-0 | 75.00 | 353.00 | 428.00 | OK |
Version: 0.5-0
Check: installed package size
Result: NOTE
installed size is 19.6Mb
sub-directories of 1Mb or more:
libs 18.3Mb
Flavors: r-prerel-macos-arm64, r-release-macos-arm64, r-release-macos-x86_64, r-oldrel-macos-arm64