Last updated on 2023-09-26 12:07:39 CEST.
Flavor | Version | Tinstall | Tcheck | Ttotal | Status | Flags |
---|---|---|---|---|---|---|
r-devel-linux-x86_64-debian-clang | 0.1.1 | 8.54 | 83.27 | 91.81 | OK | |
r-devel-linux-x86_64-debian-gcc | 0.1.1 | 7.75 | 64.71 | 72.46 | OK | |
r-devel-linux-x86_64-fedora-clang | 0.1.1 | 111.95 | OK | |||
r-devel-linux-x86_64-fedora-gcc | 0.1.1 | 135.47 | OK | |||
r-devel-windows-x86_64 | 0.1.1 | 10.00 | 83.00 | 93.00 | OK | |
r-patched-linux-x86_64 | 0.1.1 | 10.88 | 79.99 | 90.87 | OK | |
r-release-linux-x86_64 | 0.1.1 | 7.35 | 79.52 | 86.87 | OK | |
r-release-macos-arm64 | 0.1.1 | 42.00 | OK | |||
r-release-macos-x86_64 | 0.1.1 | 70.00 | NOTE | |||
r-release-windows-x86_64 | 0.1.1 | 11.00 | 97.00 | 108.00 | OK | |
r-oldrel-macos-arm64 | 0.1.1 | 41.00 | OK | |||
r-oldrel-macos-x86_64 | 0.1.1 | 53.00 | OK | |||
r-oldrel-windows-x86_64 | 0.1.1 | 11.00 | 101.00 | 112.00 | OK |
Version: 0.1.1
Check: package dependencies
Result: NOTE
Packages suggested but not available for checking:
'FactoMineR', 'descriptio'
Flavor: r-release-macos-x86_64