CRAN Package Check Results for Package sepkoski

Last updated on 2024-06-13 03:49:34 CEST.

Flavor Version Tinstall Tcheck Ttotal Status Flags
r-devel-linux-x86_64-debian-clang 0.0.1 3.75 26.16 29.91 OK
r-devel-linux-x86_64-debian-gcc 0.0.1 2.78 19.55 22.33 ERROR
r-devel-linux-x86_64-fedora-clang 0.0.1 37.18 NOTE
r-devel-linux-x86_64-fedora-gcc 0.0.1 35.70 NOTE
r-devel-windows-x86_64 0.0.1 4.00 42.00 46.00 OK
r-patched-linux-x86_64 0.0.1 3.38 25.62 29.00 OK
r-release-linux-x86_64 0.0.1 3.62 25.65 29.27 OK
r-release-macos-arm64 0.0.1 16.00 OK
r-release-macos-x86_64 0.0.1 32.00 OK
r-release-windows-x86_64 0.0.1 3.00 43.00 46.00 OK
r-oldrel-macos-arm64 0.0.1 17.00 OK
r-oldrel-macos-x86_64 0.0.1 25.00 OK
r-oldrel-windows-x86_64 0.0.1 6.00 45.00 51.00 OK

Check Details

Version: 0.0.1
Check: package dependencies
Result: NOTE Packages suggested but not available for checking: 'testthat', 'vdiffr' Flavor: r-devel-linux-x86_64-debian-gcc

Version: 0.0.1
Check: tests
Result: ERROR Running ‘testthat.R’ [0s/1s] Running the tests in ‘tests/testthat.R’ failed. Complete output: > # This file is part of the standard setup for testthat. > # It is recommended that you do not modify it. > # > # Where should you do additional test configuration? > # Learn more about the roles of various files in: > # * https://r-pkgs.org/tests.html > # * https://testthat.r-lib.org/reference/test_package.html#special-files > > library(testthat) Error in library(testthat) : there is no package called 'testthat' Execution halted Flavor: r-devel-linux-x86_64-debian-gcc

Version: 0.0.1
Check: data for non-ASCII characters
Result: NOTE Note: found 52 marked UTF-8 strings Flavors: r-devel-linux-x86_64-fedora-clang, r-devel-linux-x86_64-fedora-gcc