Last updated on 2024-04-25 06:54:32 CEST.
Flavor | Version | Tinstall | Tcheck | Ttotal | Status | Flags |
---|---|---|---|---|---|---|
r-devel-linux-x86_64-debian-clang | 0.0.1 | 3.02 | 25.76 | 28.78 | OK | |
r-devel-linux-x86_64-debian-gcc | 0.0.1 | 2.62 | 19.79 | 22.41 | OK | |
r-devel-linux-x86_64-fedora-clang | 0.0.1 | 38.14 | NOTE | |||
r-devel-linux-x86_64-fedora-gcc | 0.0.1 | 35.80 | NOTE | |||
r-devel-windows-x86_64 | 0.0.1 | 4.00 | 42.00 | 46.00 | OK | |
r-patched-linux-x86_64 | 0.0.1 | 2.91 | 25.66 | 28.57 | OK | |
r-release-linux-x86_64 | 0.0.1 | 3.70 | 25.87 | 29.57 | OK | |
r-release-macos-arm64 | 0.0.1 | 16.00 | OK | |||
r-release-windows-x86_64 | 0.0.1 | 4.00 | 42.00 | 46.00 | OK | |
r-oldrel-macos-arm64 | 0.0.1 | 17.00 | OK | |||
r-oldrel-macos-x86_64 | 0.0.1 | 25.00 | OK | |||
r-oldrel-windows-x86_64 | 0.0.1 | 6.00 | 44.00 | 50.00 | OK |
Version: 0.0.1
Check: data for non-ASCII characters
Result: NOTE
Note: found 52 marked UTF-8 strings
Flavors: r-devel-linux-x86_64-fedora-clang, r-devel-linux-x86_64-fedora-gcc