CRAN Package Check Results for Package sepkoski

Last updated on 2024-03-03 12:53:00 CET.

Flavor Version Tinstall Tcheck Ttotal Status Flags
r-devel-linux-x86_64-debian-clang 0.0.1 2.88 25.49 28.37 OK
r-devel-linux-x86_64-debian-gcc 0.0.1 2.87 20.21 23.08 OK
r-devel-linux-x86_64-fedora-clang 0.0.1 36.80 NOTE
r-devel-linux-x86_64-fedora-gcc 0.0.1 35.33 NOTE
r-devel-windows-x86_64 0.0.1 4.00 42.00 46.00 OK
r-patched-linux-x86_64 0.0.1 3.55 25.89 29.44 OK
r-release-linux-x86_64 0.0.1 3.05 25.37 28.42 OK
r-release-macos-arm64 0.0.1 17.00 OK
r-release-macos-x86_64 0.0.1 25.00 OK
r-release-windows-x86_64 0.0.1 5.00 45.00 50.00 OK
r-oldrel-macos-arm64 0.0.1 18.00 OK
r-oldrel-windows-x86_64 0.0.1 5.00 47.00 52.00 OK

Check Details

Version: 0.0.1
Check: data for non-ASCII characters
Result: NOTE Note: found 52 marked UTF-8 strings Flavors: r-devel-linux-x86_64-fedora-clang, r-devel-linux-x86_64-fedora-gcc