CRAN Package Check Results for Package sentiment.ai

Last updated on 2023-04-01 12:56:37 CEST.

Flavor Version Tinstall Tcheck Ttotal Status Flags
r-devel-linux-x86_64-debian-clang 0.1.1 12.85 96.24 109.09 OK
r-devel-linux-x86_64-debian-gcc 0.1.1 9.43 70.73 80.16 OK
r-devel-linux-x86_64-fedora-clang 0.1.1 137.10 NOTE
r-devel-linux-x86_64-fedora-gcc 0.1.1 140.13 NOTE
r-patched-linux-x86_64 0.1.1 10.33 88.93 99.26 OK
r-release-linux-x86_64 0.1.1 8.05 86.54 94.59 OK
r-release-macos-arm64 0.1.1 42.00 NOTE
r-release-macos-x86_64 0.1.1 73.00 NOTE
r-release-windows-x86_64 0.1.1 46.00 130.00 176.00 OK
r-oldrel-macos-arm64 0.1.1 33.00 NOTE
r-oldrel-macos-x86_64 0.1.1 51.00 NOTE
r-oldrel-windows-ix86+x86_64 0.1.1 24.00 121.00 145.00 OK

Check Details

Version: 0.1.1
Check: data for non-ASCII characters
Result: NOTE
     Note: found 836 marked UTF-8 strings
Flavors: r-devel-linux-x86_64-fedora-clang, r-devel-linux-x86_64-fedora-gcc, r-release-macos-arm64, r-release-macos-x86_64, r-oldrel-macos-arm64, r-oldrel-macos-x86_64