Last updated on 2025-04-30 12:49:16 CEST.
Flavor | Version | Tinstall | Tcheck | Ttotal | Status | Flags |
---|---|---|---|---|---|---|
r-devel-linux-x86_64-debian-clang | 0.3.1 | 6.80 | 60.42 | 67.22 | NOTE | |
r-devel-linux-x86_64-debian-gcc | 0.3.1 | 4.27 | 39.28 | 43.55 | OK | |
r-devel-linux-x86_64-fedora-clang | 0.3.1 | 107.07 | OK | |||
r-devel-linux-x86_64-fedora-gcc | 0.3.1 | 98.73 | OK | |||
r-devel-windows-x86_64 | 0.3.1 | 7.00 | 73.00 | 80.00 | OK | |
r-patched-linux-x86_64 | 0.3.1 | 6.92 | 57.33 | 64.25 | OK | |
r-release-linux-x86_64 | 0.3.1 | 6.17 | 57.14 | 63.31 | OK | |
r-release-macos-arm64 | 0.3.1 | 29.00 | OK | |||
r-release-macos-x86_64 | 0.3.1 | 53.00 | OK | |||
r-release-windows-x86_64 | 0.3.1 | 8.00 | 71.00 | 79.00 | OK | |
r-oldrel-macos-arm64 | 0.3.1 | 27.00 | OK | |||
r-oldrel-macos-x86_64 | 0.3.1 | 77.00 | OK | |||
r-oldrel-windows-x86_64 | 0.3.1 | 9.00 | 88.00 | 97.00 | OK |
Version: 0.3.1
Check: examples
Result: NOTE
Examples with CPU (user + system) or elapsed time > 5s
user system elapsed
sensmediation 6.219 0.025 9.536
Flavor: r-devel-linux-x86_64-debian-clang